CRAN Package Check Results for Package modelbased

Last updated on 2021-07-25 09:50:25 CEST.

Flavor Version Tinstall Tcheck Ttotal Status Flags
r-devel-linux-x86_64-debian-clang 0.7.0 4.31 402.90 407.21 OK
r-devel-linux-x86_64-debian-gcc 0.7.0 3.57 236.05 239.62 OK
r-devel-linux-x86_64-fedora-clang 0.7.0 389.09 NOTE
r-devel-linux-x86_64-fedora-gcc 0.7.0 409.84 NOTE
r-devel-windows-x86_64 0.7.0 9.00 276.00 285.00 OK
r-devel-windows-x86_64-gcc10-UCRT 0.7.0 NOTE
r-patched-linux-x86_64 0.7.0 4.98 449.13 454.11 OK
r-patched-solaris-x86 0.7.0 790.20 ERROR
r-release-linux-x86_64 0.7.0 5.03 319.20 324.23 OK
r-release-macos-arm64 0.7.0 NOTE
r-release-macos-x86_64 0.7.0 NOTE
r-release-windows-ix86+x86_64 0.7.0 20.00 241.00 261.00 OK
r-oldrel-macos-x86_64 0.7.0 NOTE
r-oldrel-windows-ix86+x86_64 0.7.0 19.00 323.00 342.00 OK

Check Details

Version: 0.7.0
Check: dependencies in R code
Result: NOTE
    Namespace in Imports field not imported from: ‘graphics’
     All declared Imports should be used.
Flavors: r-devel-linux-x86_64-fedora-clang, r-devel-linux-x86_64-fedora-gcc, r-devel-windows-x86_64-gcc10-UCRT, r-patched-solaris-x86, r-release-macos-arm64, r-release-macos-x86_64, r-oldrel-macos-x86_64

Version: 0.7.0
Check: package dependencies
Result: NOTE
    Package suggested but not available for checking: 'glmmTMB'
Flavor: r-devel-windows-x86_64-gcc10-UCRT

Version: 0.7.0
Check: tests
Result: ERROR
     Running ‘spelling.R’
     Running ‘testthat.R’ [623s/374s]
    Running the tests in ‘tests/testthat.R’ failed.
    Complete output:
     > library(testthat)
     > library(modelbased)
     >
     > osx <- tryCatch(
     + {
     + si <- Sys.info()
     + if (!is.null(si["sysname"])) {
     + si["sysname"] == "Darwin" || grepl("^darwin", R.version$os)
     + } else {
     + FALSE
     + }
     + },
     + error = function(e) {
     + FALSE
     + }
     + )
     >
     > if (!osx || (osx && getRversion() >= "4.0.0")) {
     + test_check("modelbased")
     + }
     Starting 2 test processes
    
    
     Error: testthat subprocess exited in file `test-glmmTMB.R`
     Backtrace:
     █
     1. └─testthat::test_check("modelbased")
     2. └─testthat::test_dir(...)
     3. └─testthat:::test_files(...)
     4. └─testthat:::test_files(...)
     5. ├─testthat::with_reporter(...)
     6. │ ├─base::withRestarts(...)
     7. │ │ └─base:::withOneRestart(expr, restarts[[1L]])
     8. │ │ └─base:::doWithOneRestart(return(expr), restart)
     9. │ └─base::force(code)
     10. └─testthat:::parallel_event_loop_chunky(queue, reporters)
     11. └─queue$poll(Inf)
     12. └─base::lapply(...)
     13. └─testthat:::FUN(X[[i]], ...)
     14. └─private$handle_error(msg, i)
     Execution halted
Flavor: r-patched-solaris-x86