Last updated on 2024-04-25 07:59:58 CEST.
Flavor | Version | Tinstall | Tcheck | Ttotal | Status | Flags |
---|---|---|---|---|---|---|
r-devel-linux-x86_64-debian-clang | 1.3 | 6.26 | 66.65 | 72.91 | OK | |
r-devel-linux-x86_64-debian-gcc | 1.3 | 3.82 | 47.08 | 50.90 | OK | |
r-devel-linux-x86_64-fedora-clang | 1.3 | 85.60 | NOTE | |||
r-devel-linux-x86_64-fedora-gcc | 1.3 | 81.31 | OK | |||
r-devel-windows-x86_64 | 1.3 | 5.00 | 68.00 | 73.00 | OK | |
r-patched-linux-x86_64 | 1.3 | 5.11 | 60.98 | 66.09 | OK | |
r-release-linux-x86_64 | 1.3 | 5.10 | 62.42 | 67.52 | OK | |
r-release-macos-arm64 | 1.3 | 24.00 | OK | |||
r-release-windows-x86_64 | 1.3 | 5.00 | 69.00 | 74.00 | OK | |
r-oldrel-macos-arm64 | 1.3 | 26.00 | OK | |||
r-oldrel-macos-x86_64 | 1.3 | 40.00 | OK | |||
r-oldrel-windows-x86_64 | 1.3 | 5.00 | 80.00 | 85.00 | OK |
Version: 1.3
Check: Rd cross-references
Result: NOTE
Undeclared package ‘energy’ in Rd xrefs
Flavor: r-devel-linux-x86_64-fedora-clang