CRAN Package Check Results for Package mlrintermbo

Last updated on 2021-10-22 09:53:11 CEST.

Flavor Version Tinstall Tcheck Ttotal Status Flags
r-devel-linux-x86_64-debian-clang 0.5.0 4.50 373.76 378.26 NOTE
r-devel-linux-x86_64-debian-gcc 0.5.0 3.71 272.48 276.19 NOTE
r-devel-linux-x86_64-fedora-clang 0.5.0 461.02 NOTE
r-devel-linux-x86_64-fedora-gcc 0.5.0 452.10 NOTE
r-devel-windows-x86_64 0.5.0 9.00 369.00 378.00 NOTE
r-devel-windows-x86_64-gcc10-UCRT 0.5.0 NOTE
r-patched-linux-x86_64 0.5.0 4.28 358.61 362.89 NOTE
r-patched-solaris-x86 0.5.0 544.30 NOTE
r-release-linux-x86_64 0.5.0 4.81 359.99 364.80 NOTE
r-release-macos-arm64 0.5.0 NOTE
r-release-macos-x86_64 0.5.0 NOTE
r-release-windows-ix86+x86_64 0.5.0 9.00 375.00 384.00 NOTE
r-oldrel-macos-x86_64 0.5.0 OK
r-oldrel-windows-ix86+x86_64 0.5.0 11.00 414.00 425.00 OK

Check Details

Version: 0.5.0
Check: LazyData
Result: NOTE
     'LazyData' is specified without a 'data' directory
Flavors: r-devel-linux-x86_64-debian-clang, r-devel-linux-x86_64-debian-gcc, r-devel-linux-x86_64-fedora-clang, r-devel-linux-x86_64-fedora-gcc, r-devel-windows-x86_64, r-devel-windows-x86_64-gcc10-UCRT, r-patched-linux-x86_64, r-patched-solaris-x86, r-release-linux-x86_64, r-release-macos-arm64, r-release-macos-x86_64, r-release-windows-ix86+x86_64

Version: 0.5.0
Check: for detritus in the temp directory
Result: NOTE
    Found the following files/directories:
     ‘RtmpZ_aOow’ ‘RtmplDaa_u’
Flavor: r-patched-solaris-x86