CRAN Package Check Results for Package mlrCPO

Last updated on 2021-09-21 09:52:50 CEST.

Flavor Version Tinstall Tcheck Ttotal Status Flags
r-devel-linux-x86_64-debian-clang 0.3.7-2 26.47 349.76 376.23 NOTE
r-devel-linux-x86_64-debian-gcc 0.3.7-2 21.72 261.92 283.64 NOTE
r-devel-linux-x86_64-fedora-clang 0.3.7-2 456.31 NOTE
r-devel-linux-x86_64-fedora-gcc 0.3.7-2 452.19 NOTE
r-devel-windows-x86_64 0.3.7-2 28.00 323.00 351.00 NOTE
r-devel-windows-x86_64-gcc10-UCRT 0.3.7-2 ERROR
r-patched-linux-x86_64 0.3.7-2 49.66 356.09 405.75 NOTE
r-patched-solaris-x86 0.3.7-2 405.80 NOTE
r-release-linux-x86_64 0.3.7-2 24.86 356.88 381.74 NOTE
r-release-macos-arm64 0.3.7-2 NOTE
r-release-macos-x86_64 0.3.7-2 NOTE
r-release-windows-ix86+x86_64 0.3.7-2 51.00 330.00 381.00 NOTE
r-oldrel-macos-x86_64 0.3.7-2 OK
r-oldrel-windows-ix86+x86_64 0.3.7-2 51.00 329.00 380.00 OK

Check Details

Version: 0.3.7-2
Check: LazyData
Result: NOTE
     'LazyData' is specified without a 'data' directory
Flavors: r-devel-linux-x86_64-debian-clang, r-devel-linux-x86_64-debian-gcc, r-devel-linux-x86_64-fedora-clang, r-devel-linux-x86_64-fedora-gcc, r-devel-windows-x86_64, r-patched-linux-x86_64, r-patched-solaris-x86, r-release-linux-x86_64, r-release-macos-arm64, r-release-macos-x86_64, r-release-windows-ix86+x86_64

Version: 0.3.7-2
Check: whether package can be installed
Result: ERROR
    Installation failed.
Flavor: r-devel-windows-x86_64-gcc10-UCRT

Version: 0.3.7-2
Check: package dependencies
Result: NOTE
    Package suggested but not available for checking: ‘FSelector’
Flavor: r-patched-solaris-x86