Last updated on 2024-08-07 10:49:34 CEST.
Flavor | Version | Tinstall | Tcheck | Ttotal | Status | Flags |
---|---|---|---|---|---|---|
r-devel-linux-x86_64-debian-clang | 0.1.0 | 14.77 | 139.38 | 154.15 | OK | |
r-devel-linux-x86_64-debian-gcc | 0.1.0 | 10.52 | 100.40 | 110.92 | OK | |
r-devel-linux-x86_64-fedora-clang | 0.1.0 | 249.75 | OK | |||
r-devel-linux-x86_64-fedora-gcc | 0.1.0 | 229.17 | OK | |||
r-devel-windows-x86_64 | 0.1.0 | 19.00 | 192.00 | 211.00 | OK | |
r-patched-linux-x86_64 | 0.1.0 | 23.75 | 134.93 | 158.68 | OK | |
r-release-linux-x86_64 | 0.1.0 | 14.66 | 134.11 | 148.77 | OK | |
r-release-macos-arm64 | 0.1.0 | 73.00 | OK | |||
r-release-macos-x86_64 | 0.1.0 | 183.00 | OK | |||
r-release-windows-x86_64 | 0.1.0 | 17.00 | 191.00 | 208.00 | OK | |
r-oldrel-macos-arm64 | 0.1.0 | 10.00 | ERROR | |||
r-oldrel-macos-x86_64 | 0.1.0 | 11.00 | ERROR | |||
r-oldrel-windows-x86_64 | 0.1.0 | 22.00 | 239.00 | 261.00 | OK |
Version: 0.1.0
Check: package dependencies
Result: ERROR
Packages required and available but unsuitable versions:
'mlr3', 'mlr3pipelines', 'paradox'
See section ‘The DESCRIPTION file’ in the ‘Writing R Extensions’
manual.
Flavors: r-oldrel-macos-arm64, r-oldrel-macos-x86_64