CRAN Package Check Results for Package mlr3oml

Last updated on 2021-09-28 09:53:24 CEST.

Flavor Version Tinstall Tcheck Ttotal Status Flags
r-devel-linux-x86_64-debian-clang 0.4.3 7.31 52.45 59.76 OK
r-devel-linux-x86_64-debian-gcc 0.5.0 5.09 43.09 48.18 OK
r-devel-linux-x86_64-fedora-clang 0.5.0 90.15 OK
r-devel-linux-x86_64-fedora-gcc 0.5.0 72.84 OK
r-devel-windows-x86_64 0.4.3 9.00 53.00 62.00 OK
r-devel-windows-x86_64-gcc10-UCRT 0.4.3 OK
r-patched-linux-x86_64 0.4.3 8.91 49.79 58.70 OK
r-patched-solaris-x86 0.5.0 106.30 NOTE
r-release-linux-x86_64 0.5.0 6.12 53.31 59.43 OK
r-release-macos-arm64 0.4.3 OK
r-release-macos-x86_64 0.5.0 OK
r-release-windows-ix86+x86_64 0.4.3 17.00 62.00 79.00 OK
r-oldrel-macos-x86_64 0.5.0 OK
r-oldrel-windows-ix86+x86_64 0.4.3 12.00 65.00 77.00 OK

Check Details

Version: 0.5.0
Check: package dependencies
Result: NOTE
    Package suggested but not available for checking: ‘RWeka’
Flavor: r-patched-solaris-x86