CRAN Package Check Results for Package mlr3misc

Last updated on 2021-09-22 09:52:35 CEST.

Flavor Version Tinstall Tcheck Ttotal Status Flags
r-devel-linux-x86_64-debian-clang 0.9.4 6.57 59.20 65.77 OK
r-devel-linux-x86_64-debian-gcc 0.9.4 5.40 44.03 49.43 OK
r-devel-linux-x86_64-fedora-clang 0.9.4 87.60 OK
r-devel-linux-x86_64-fedora-gcc 0.9.4 74.94 OK
r-devel-windows-x86_64 0.9.4 8.00 60.00 68.00 OK
r-devel-windows-x86_64-gcc10-UCRT 0.9.4 ERROR
r-patched-linux-x86_64 0.9.4 9.90 55.45 65.35 OK
r-patched-solaris-x86 0.9.4 105.30 OK
r-release-linux-x86_64 0.9.4 6.45 56.40 62.85 OK
r-release-macos-arm64 0.9.4 OK
r-release-macos-x86_64 0.9.4 OK
r-release-windows-ix86+x86_64 0.9.4 19.00 71.00 90.00 OK
r-oldrel-macos-x86_64 0.9.4 OK
r-oldrel-windows-ix86+x86_64 0.9.4 41.00 71.00 112.00 OK

Check Details

Version: 0.9.4
Check: whether package can be installed
Result: ERROR
    Installation failed.
Flavor: r-devel-windows-x86_64-gcc10-UCRT