CRAN Package Check Results for Package mlergm

Last updated on 2021-07-27 09:53:28 CEST.

Flavor Version Tinstall Tcheck Ttotal Status Flags
r-devel-linux-x86_64-debian-clang 0.7 15.07 124.67 139.74 OK
r-devel-linux-x86_64-debian-gcc 0.7 11.60 94.90 106.50 OK
r-devel-linux-x86_64-fedora-clang 0.7 175.10 OK
r-devel-linux-x86_64-fedora-gcc 0.7 171.06 OK
r-devel-windows-x86_64 0.7 22.00 150.00 172.00 OK
r-devel-windows-x86_64-gcc10-UCRT 0.7 OK
r-patched-linux-x86_64 0.7 20.28 119.42 139.70 OK
r-patched-solaris-x86 0.7 235.60 OK
r-release-linux-x86_64 0.7 12.35 117.91 130.26 OK
r-release-macos-arm64 0.7 WARN
r-release-macos-x86_64 0.7 OK
r-release-windows-ix86+x86_64 0.7 34.00 101.00 135.00 OK
r-oldrel-macos-x86_64 0.7 OK
r-oldrel-windows-ix86+x86_64 0.7 52.00 143.00 195.00 OK

Check Details

Version: 0.7
Check: re-building of vignette outputs
Result: WARN
    Error(s) in re-building vignettes:
    --- re-building ‘mlergm_tutorial.Rmd’ using rmarkdown
    Warning in engine$weave(file, quiet = quiet, encoding = enc) :
     Pandoc (>= 1.12.3) not available. Falling back to R Markdown v1.
    Loading required package: ergm
    Loading required package: network
    
    'network' 1.17.1 (2021-06-12), part of the Statnet Project
    * 'news(package="network")' for changes since last version
    * 'citation("network")' for citation information
    * 'https://statnet.org' for help, support, and other information
    
    
    'ergm' 4.0.1 (2021-06-20), part of the Statnet Project
    * 'news(package="ergm")' for changes since last version
    * 'citation("ergm")' for citation information
    * 'https://statnet.org' for help, support, and other information
    
    'ergm' 4 is a major update that introduces some backwards-incompatible
    changes. Please type 'news(package="ergm")' for a list of major
    changes.
    
    Quitting from lines 147-148 (mlergm_tutorial.Rmd)
    Error: processing vignette 'mlergm_tutorial.Rmd' failed with diagnostics:
    polygon edge not found
    --- failed re-building ‘mlergm_tutorial.Rmd’
    
    SUMMARY: processing the following file failed:
     ‘mlergm_tutorial.Rmd’
    
    Error: Vignette re-building failed.
    Execution halted
Flavor: r-release-macos-arm64