CRAN Package Check Results for Package mleap

Last updated on 2021-07-27 09:53:28 CEST.

Flavor Version Tinstall Tcheck Ttotal Status Flags
r-devel-linux-x86_64-debian-clang 1.1.0 8.67 73.34 82.01 NOTE
r-devel-linux-x86_64-debian-gcc 1.1.0 6.18 53.69 59.87 NOTE
r-devel-linux-x86_64-fedora-clang 1.1.0 104.67 NOTE
r-devel-linux-x86_64-fedora-gcc 1.1.0 92.50 NOTE
r-devel-windows-x86_64 1.1.0 13.00 96.00 109.00 NOTE
r-devel-windows-x86_64-gcc10-UCRT 1.1.0 NOTE
r-patched-linux-x86_64 1.1.0 7.18 68.07 75.25 NOTE
r-patched-solaris-x86 1.1.0 144.00 NOTE
r-release-linux-x86_64 1.1.0 6.60 67.34 73.94 NOTE
r-release-macos-arm64 1.1.0 ERROR
r-release-macos-x86_64 1.1.0 NOTE
r-release-windows-ix86+x86_64 1.1.0 19.00 68.00 87.00 NOTE
r-oldrel-macos-x86_64 1.1.0 OK
r-oldrel-windows-ix86+x86_64 1.1.0 19.00 92.00 111.00 OK

Check Details

Version: 1.1.0
Check: LazyData
Result: NOTE
     'LazyData' is specified without a 'data' directory
Flavors: r-devel-linux-x86_64-debian-clang, r-devel-linux-x86_64-debian-gcc, r-devel-linux-x86_64-fedora-clang, r-devel-linux-x86_64-fedora-gcc, r-devel-windows-x86_64, r-devel-windows-x86_64-gcc10-UCRT, r-patched-linux-x86_64, r-patched-solaris-x86, r-release-linux-x86_64, r-release-macos-x86_64, r-release-windows-ix86+x86_64

Version: 1.1.0
Check: whether package can be installed
Result: ERROR
    Installation failed.
Flavor: r-release-macos-arm64