Last updated on 2024-04-26 09:52:05 CEST.
Flavor | Version | Tinstall | Tcheck | Ttotal | Status | Flags |
---|---|---|---|---|---|---|
r-devel-linux-x86_64-debian-clang | 1.2.7 | 8.40 | 49.35 | 57.75 | NOTE | |
r-devel-linux-x86_64-debian-gcc | 1.2.7 | 6.46 | 37.33 | 43.79 | NOTE | |
r-devel-linux-x86_64-fedora-clang | 1.2.7 | 74.24 | NOTE | |||
r-devel-linux-x86_64-fedora-gcc | 1.2.7 | 70.36 | NOTE | |||
r-devel-windows-x86_64 | 1.2.7 | 9.00 | 60.00 | 69.00 | NOTE | |
r-patched-linux-x86_64 | 1.2.7 | 7.46 | 48.66 | 56.12 | NOTE | |
r-release-linux-x86_64 | 1.2.7 | 9.91 | 47.64 | 57.55 | NOTE | |
r-release-macos-arm64 | 1.2.7 | 25.00 | NOTE | |||
r-release-windows-x86_64 | 1.2.7 | 9.00 | 58.00 | 67.00 | NOTE | |
r-oldrel-macos-arm64 | 1.2.7 | 33.00 | NOTE | |||
r-oldrel-macos-x86_64 | 1.2.7 | 50.00 | NOTE | |||
r-oldrel-windows-x86_64 | 1.2.7 | 12.00 | 65.00 | 77.00 | NOTE |
Version: 1.2.7
Check: Rd files
Result: NOTE
checkRd: (-1) SLD.Rd:20: Escaped LaTeX specials: \&
Flavors: r-devel-linux-x86_64-debian-clang, r-devel-linux-x86_64-debian-gcc, r-devel-linux-x86_64-fedora-clang, r-devel-linux-x86_64-fedora-gcc, r-devel-windows-x86_64, r-patched-linux-x86_64, r-release-linux-x86_64, r-release-macos-arm64, r-release-windows-x86_64, r-oldrel-macos-arm64, r-oldrel-macos-x86_64, r-oldrel-windows-x86_64
Version: 1.2.7
Check: compiled code
Result: NOTE
File ‘mixexp/libs/mixexp.so’:
Found no calls to: ‘R_registerRoutines’, ‘R_useDynamicSymbols’
It is good practice to register native routines and to disable symbol
search.
See ‘Writing portable packages’ in the ‘Writing R Extensions’ manual.
Flavors: r-devel-linux-x86_64-fedora-clang, r-devel-linux-x86_64-fedora-gcc