CRAN Package Check Results for Package mixedMem

Last updated on 2021-10-20 09:55:15 CEST.

Flavor Version Tinstall Tcheck Ttotal Status Flags
r-devel-linux-x86_64-debian-clang 1.1.2 158.83 77.49 236.32 OK
r-devel-linux-x86_64-debian-gcc 1.1.2 116.08 58.88 174.96 OK
r-devel-linux-x86_64-fedora-clang 1.1.2 394.76 OK
r-devel-linux-x86_64-fedora-gcc 1.1.2 330.99 OK
r-devel-windows-x86_64 1.1.2 220.00 117.00 337.00 OK
r-devel-windows-x86_64-gcc10-UCRT 1.1.2 OK
r-patched-linux-x86_64 1.1.2 136.12 70.36 206.48 OK
r-patched-solaris-x86 1.1.2 322.80 OK
r-release-linux-x86_64 1.1.2 139.67 71.91 211.58 OK
r-release-macos-arm64 1.1.2 NOTE
r-release-macos-x86_64 1.1.2 OK
r-release-windows-ix86+x86_64 1.1.2 338.00 144.00 482.00 OK
r-oldrel-macos-x86_64 1.1.2 OK
r-oldrel-windows-ix86+x86_64 1.1.2 452.00 151.00 603.00 OK

Check Details

Version: 1.1.2
Check: installed package size
Result: NOTE
     installed size is 5.4Mb
     sub-directories of 1Mb or more:
     libs 4.8Mb
Flavor: r-release-macos-arm64