CRAN Package Check Results for Package mixedCCA

Last updated on 2021-10-25 09:55:26 CEST.

Flavor Version Tinstall Tcheck Ttotal Status Flags
r-devel-linux-x86_64-debian-clang 1.4.6 36.85 78.62 115.47 NOTE
r-devel-linux-x86_64-debian-gcc 1.4.6 30.26 60.04 90.30 NOTE
r-devel-linux-x86_64-fedora-clang 1.4.6 166.85 NOTE
r-devel-linux-x86_64-fedora-gcc 1.4.6 150.00 NOTE
r-devel-windows-x86_64 1.4.6 56.00 84.00 140.00 NOTE
r-devel-windows-x86_64-gcc10-UCRT 1.4.6 NOTE
r-patched-linux-x86_64 1.4.6 37.09 76.58 113.67 NOTE
r-patched-solaris-x86 1.4.6 203.60 NOTE
r-release-linux-x86_64 1.4.6 39.50 77.17 116.67 NOTE
r-release-macos-arm64 1.4.6 NOTE
r-release-macos-x86_64 1.4.6 NOTE
r-release-windows-ix86+x86_64 1.4.6 74.00 142.00 216.00 NOTE
r-oldrel-macos-x86_64 1.4.6 NOTE
r-oldrel-windows-ix86+x86_64 1.4.6 98.00 148.00 246.00 NOTE

Check Details

Version: 1.4.6
Check: LazyData
Result: NOTE
     'LazyData' is specified without a 'data' directory
Flavors: r-devel-linux-x86_64-debian-clang, r-devel-linux-x86_64-debian-gcc, r-devel-linux-x86_64-fedora-clang, r-devel-linux-x86_64-fedora-gcc, r-devel-windows-x86_64, r-devel-windows-x86_64-gcc10-UCRT, r-patched-linux-x86_64, r-patched-solaris-x86, r-release-linux-x86_64, r-release-macos-arm64, r-release-macos-x86_64, r-release-windows-ix86+x86_64

Version: 1.4.6
Check: installed package size
Result: NOTE
     installed size is 5.2Mb
     sub-directories of 1Mb or more:
     R 4.1Mb
     libs 1.0Mb
Flavors: r-devel-linux-x86_64-fedora-clang, r-devel-windows-x86_64, r-release-macos-arm64, r-release-macos-x86_64, r-release-windows-ix86+x86_64, r-oldrel-macos-x86_64, r-oldrel-windows-ix86+x86_64