CRAN Package Check Results for Package minpack.lm

Last updated on 2021-09-23 10:53:33 CEST.

Flavor Version Tinstall Tcheck Ttotal Status Flags
r-devel-linux-x86_64-debian-clang 1.2-1 5.83 24.47 30.30 OK
r-devel-linux-x86_64-debian-gcc 1.2-1 4.08 19.44 23.52 OK
r-devel-linux-x86_64-fedora-clang 1.2-1 46.40 NOTE
r-devel-linux-x86_64-fedora-gcc 1.2-1 35.90 NOTE
r-devel-windows-x86_64 1.2-1 12.00 31.00 43.00 OK
r-devel-windows-x86_64-gcc10-UCRT 1.2-1 ERROR
r-patched-linux-x86_64 1.2-1 5.15 23.78 28.93 OK
r-patched-solaris-x86 1.2-1 53.10 OK
r-release-linux-x86_64 1.2-1 4.92 24.01 28.93 OK
r-release-macos-arm64 1.2-1 OK
r-release-macos-x86_64 1.2-1 OK
r-release-windows-ix86+x86_64 1.2-1 25.00 37.00 62.00 OK
r-oldrel-macos-x86_64 1.2-1 OK
r-oldrel-windows-ix86+x86_64 1.2-1 47.00 36.00 83.00 OK

Check Details

Version: 1.2-1
Check: compiled code
Result: NOTE
    File ‘minpack.lm/libs/minpack.lm.so’:
     Found no calls to: ‘R_registerRoutines’, ‘R_useDynamicSymbols’
    
    It is good practice to register native routines and to disable symbol
    search.
    
    See ‘Writing portable packages’ in the ‘Writing R Extensions’ manual.
Flavors: r-devel-linux-x86_64-fedora-clang, r-devel-linux-x86_64-fedora-gcc

Version: 1.2-1
Check: whether package can be installed
Result: ERROR
    Installation failed.
Flavor: r-devel-windows-x86_64-gcc10-UCRT