Last updated on 2024-05-20 09:49:19 CEST.
Flavor | Version | Tinstall | Tcheck | Ttotal | Status | Flags |
---|---|---|---|---|---|---|
r-devel-linux-x86_64-debian-clang | 0.1.1 | 49.03 | 374.04 | 423.07 | OK | |
r-devel-linux-x86_64-debian-gcc | 0.1.1 | 32.90 | 284.34 | 317.24 | OK | |
r-devel-linux-x86_64-fedora-clang | 0.1.1 | 563.29 | OK | |||
r-devel-linux-x86_64-fedora-gcc | 0.1.1 | 548.29 | OK | |||
r-devel-windows-x86_64 | 0.1.1 | 34.00 | 230.00 | 264.00 | OK | |
r-patched-linux-x86_64 | 0.1.1 | 27.56 | 387.76 | 415.32 | OK | |
r-release-linux-x86_64 | 0.1.1 | 29.42 | 385.02 | 414.44 | OK | |
r-release-macos-arm64 | 0.1.1 | 112.00 | OK | |||
r-release-macos-x86_64 | 0.1.1 | 254.00 | OK | |||
r-release-windows-x86_64 | 0.1.1 | 34.00 | 247.00 | 281.00 | OK | |
r-oldrel-macos-arm64 | 0.1.1 | 11.00 | ERROR | |||
r-oldrel-macos-x86_64 | 0.1.1 | 12.00 | ERROR | |||
r-oldrel-windows-x86_64 | 0.1.1 | 45.00 | 313.00 | 358.00 | OK |
Version: 0.1.1
Check: package dependencies
Result: ERROR
Package required but not available: ‘InteractiveComplexHeatmap’
See section ‘The DESCRIPTION file’ in the ‘Writing R Extensions’
manual.
Flavors: r-oldrel-macos-arm64, r-oldrel-macos-x86_64