CRAN Package Check Results for Package mimi

Last updated on 2021-10-26 10:04:32 CEST.

Flavor Version Tinstall Tcheck Ttotal Status Flags
r-devel-linux-x86_64-debian-clang 0.2.0 7.03 43.10 50.13 OK
r-devel-linux-x86_64-debian-gcc 0.2.0 4.91 32.33 37.24 OK
r-devel-linux-x86_64-fedora-clang 0.2.0 71.91 NOTE
r-devel-linux-x86_64-fedora-gcc 0.2.0 59.21 NOTE
r-devel-windows-x86_64 0.2.0 11.00 60.00 71.00 OK
r-devel-windows-x86_64-gcc10-UCRT 0.2.0 NOTE
r-patched-linux-x86_64 0.2.0 6.72 41.25 47.97 OK
r-patched-solaris-x86 0.2.0 80.80 NOTE
r-release-linux-x86_64 0.2.0 5.23 41.33 46.56 OK
r-release-macos-arm64 0.2.0 NOTE
r-release-macos-x86_64 0.2.0 NOTE
r-release-windows-ix86+x86_64 0.2.0 10.00 61.00 71.00 OK
r-oldrel-macos-x86_64 0.2.0 NOTE
r-oldrel-windows-ix86+x86_64 0.2.0 15.00 63.00 78.00 OK

Check Details

Version: 0.2.0
Check: dependencies in R code
Result: NOTE
    Namespaces in Imports field not imported from:
     ‘FactoMineR’ ‘softImpute’
     All declared Imports should be used.
Flavors: r-devel-linux-x86_64-fedora-clang, r-devel-linux-x86_64-fedora-gcc, r-devel-windows-x86_64-gcc10-UCRT, r-patched-solaris-x86, r-release-macos-arm64, r-release-macos-x86_64, r-oldrel-macos-x86_64