CRAN Package Check Results for Package milorGWAS

Last updated on 2021-10-23 10:56:58 CEST.

Flavor Version Tinstall Tcheck Ttotal Status Flags
r-devel-linux-x86_64-debian-clang 0.3 50.71 90.46 141.17 OK
r-devel-linux-x86_64-debian-gcc 0.3 40.68 69.38 110.06 OK
r-devel-linux-x86_64-fedora-clang 0.3 215.05 NOTE
r-devel-linux-x86_64-fedora-gcc 0.3 188.58 OK
r-devel-windows-x86_64 0.3 70.00 129.00 199.00 OK
r-devel-windows-x86_64-gcc10-UCRT 0.3 OK
r-patched-linux-x86_64 0.3 51.77 89.90 141.67 OK
r-patched-solaris-x86 0.3 276.10 OK
r-release-linux-x86_64 0.3 47.56 88.82 136.38 OK
r-release-macos-arm64 0.3 NOTE
r-release-macos-x86_64 0.3 NOTE
r-release-windows-ix86+x86_64 0.3 93.00 150.00 243.00 OK
r-oldrel-macos-x86_64 0.3 NOTE
r-oldrel-windows-ix86+x86_64 0.3 138.00 155.00 293.00 OK

Check Details

Version: 0.3
Check: installed package size
Result: NOTE
     installed size is 6.2Mb
     sub-directories of 1Mb or more:
     libs 5.6Mb
Flavors: r-devel-linux-x86_64-fedora-clang, r-release-macos-arm64, r-release-macos-x86_64, r-oldrel-macos-x86_64