Last updated on 2024-04-19 10:57:31 CEST.
Flavor | Version | Tinstall | Tcheck | Ttotal | Status | Flags |
---|---|---|---|---|---|---|
r-devel-linux-x86_64-debian-clang | 1.6.1 | 28.12 | 298.35 | 326.47 | NOTE | |
r-devel-linux-x86_64-debian-gcc | 1.6.1 | NOTE | ||||
r-devel-linux-x86_64-fedora-clang | 1.6.1 | 414.44 | NOTE | |||
r-devel-linux-x86_64-fedora-gcc | 1.6.1 | 418.30 | NOTE | |||
r-prerel-macos-arm64 | 1.6.1 | 112.00 | NOTE | |||
r-prerel-windows-x86_64 | 1.6.1 | 25.00 | 245.00 | 270.00 | NOTE | |
r-patched-linux-x86_64 | 1.6.1 | 18.37 | 286.40 | 304.77 | NOTE | |
r-release-linux-x86_64 | 1.6.1 | 18.13 | 293.16 | 311.29 | OK | |
r-release-macos-arm64 | 1.6.1 | 136.00 | OK | |||
r-release-macos-x86_64 | 1.6.1 | 280.00 | OK | |||
r-release-windows-x86_64 | 1.6.1 | 33.00 | 318.00 | 351.00 | OK | |
r-oldrel-macos-arm64 | 1.6.1 | 117.00 | OK | |||
r-oldrel-windows-x86_64 | 1.6.1 | 34.00 | 302.00 | 336.00 | OK |
Version: 1.6.1
Check: Rd files
Result: NOTE
checkRd: (-1) create_grouped_data_partition.Rd:60: Lost braces; missing escapes or markup?
60 | Zena Lapp, {zenalapp@umich.edu}
| ^
checkRd: (-1) create_grouped_data_partition.Rd:62: Lost braces; missing escapes or markup?
62 | Kelly Sovacool, {sovacool@umich.edu}
| ^
checkRd: (-1) create_grouped_k_multifolds.Rd:30: Lost braces; missing escapes or markup?
30 | Zena Lapp, {zenalapp@umich.edu}
| ^
checkRd: (-1) get_partition_indices.Rd:58: Lost braces; missing escapes or markup?
58 | Kelly Sovacool, {sovacool@umich.edu}
| ^
checkRd: (-1) set_hparams_glmnet.Rd:16: Lost braces; missing escapes or markup?
16 | Zena Lapp, {zenalapp@umich.edu}
| ^
Flavors: r-devel-linux-x86_64-debian-clang, r-devel-linux-x86_64-debian-gcc, r-devel-linux-x86_64-fedora-clang, r-devel-linux-x86_64-fedora-gcc, r-prerel-macos-arm64, r-prerel-windows-x86_64, r-patched-linux-x86_64