CRAN Package Check Results for Package miic

Last updated on 2021-10-22 09:53:10 CEST.

Flavor Version Tinstall Tcheck Ttotal Status Flags
r-devel-linux-x86_64-debian-clang 1.5.3 95.44 39.64 135.08 OK
r-devel-linux-x86_64-debian-gcc 1.5.3 68.15 30.62 98.77 OK
r-devel-linux-x86_64-fedora-clang 1.5.3 226.07 NOTE
r-devel-linux-x86_64-fedora-gcc 1.5.3 186.33 OK
r-devel-windows-x86_64 1.5.3 125.00 71.00 196.00 OK
r-devel-windows-x86_64-gcc10-UCRT 1.5.3 NOTE
r-patched-linux-x86_64 1.5.3 83.13 38.67 121.80 OK
r-patched-solaris-x86 1.5.3 185.40 OK
r-release-linux-x86_64 1.5.3 83.53 38.34 121.87 OK
r-release-macos-arm64 1.5.3 NOTE
r-release-macos-x86_64 1.5.3 NOTE
r-release-windows-ix86+x86_64 1.5.3 177.00 91.00 268.00 OK
r-oldrel-macos-x86_64 1.5.3 NOTE
r-oldrel-windows-ix86+x86_64 1.5.3 239.00 95.00 334.00 OK

Check Details

Version: 1.5.3
Check: installed package size
Result: NOTE
     installed size is 5.3Mb
     sub-directories of 1Mb or more:
     libs 5.0Mb
Flavors: r-devel-linux-x86_64-fedora-clang, r-release-macos-arm64, r-release-macos-x86_64, r-oldrel-macos-x86_64

Version: 1.5.3
Check: package dependencies
Result: NOTE
    Package suggested but not available for checking: 'igraph'
Flavor: r-devel-windows-x86_64-gcc10-UCRT

Version: 1.5.3
Check: Rd cross-references
Result: NOTE
    Package unavailable to check Rd xrefs: 'igraph'
Flavor: r-devel-windows-x86_64-gcc10-UCRT