CRAN Package Check Results for Package microdemic

Last updated on 2021-10-20 09:55:14 CEST.

Flavor Version Tinstall Tcheck Ttotal Status Flags
r-devel-linux-x86_64-debian-clang 0.6.0 2.22 22.34 24.56 NOTE
r-devel-linux-x86_64-debian-gcc 0.6.0 1.78 17.82 19.60 NOTE
r-devel-linux-x86_64-fedora-clang 0.6.0 40.99 NOTE
r-devel-linux-x86_64-fedora-gcc 0.6.0 29.88 NOTE
r-devel-windows-x86_64 0.6.0 5.00 40.00 45.00 NOTE
r-devel-windows-x86_64-gcc10-UCRT 0.6.0 NOTE
r-patched-linux-x86_64 0.6.0 2.45 21.71 24.16 NOTE
r-patched-solaris-x86 0.6.0 47.40 NOTE
r-release-linux-x86_64 0.6.0 2.13 22.47 24.60 NOTE
r-release-macos-arm64 0.6.0 NOTE
r-release-macos-x86_64 0.6.0 NOTE
r-release-windows-ix86+x86_64 0.6.0 4.00 40.00 44.00 NOTE
r-oldrel-macos-x86_64 0.6.0 OK
r-oldrel-windows-ix86+x86_64 0.6.0 6.00 42.00 48.00 OK

Check Details

Version: 0.6.0
Check: LazyData
Result: NOTE
     'LazyData' is specified without a 'data' directory
Flavors: r-devel-linux-x86_64-debian-clang, r-devel-linux-x86_64-debian-gcc, r-devel-linux-x86_64-fedora-clang, r-devel-linux-x86_64-fedora-gcc, r-devel-windows-x86_64, r-devel-windows-x86_64-gcc10-UCRT, r-patched-linux-x86_64, r-patched-solaris-x86, r-release-linux-x86_64, r-release-macos-arm64, r-release-macos-x86_64, r-release-windows-ix86+x86_64