Last updated on 2024-04-25 07:59:58 CEST.
Flavor | Version | Tinstall | Tcheck | Ttotal | Status | Flags |
---|---|---|---|---|---|---|
r-devel-linux-x86_64-debian-clang | 1.0.2 | 6.39 | 81.86 | 88.25 | NOTE | |
r-devel-linux-x86_64-debian-gcc | 1.0.2 | 6.34 | 60.26 | 66.60 | NOTE | |
r-devel-linux-x86_64-fedora-clang | 1.0.2 | 111.59 | NOTE | |||
r-devel-linux-x86_64-fedora-gcc | 1.0.2 | 105.60 | NOTE | |||
r-devel-windows-x86_64 | 1.0.2 | 7.00 | 81.00 | 88.00 | NOTE | |
r-patched-linux-x86_64 | 1.0.2 | 8.62 | 78.73 | 87.35 | NOTE | |
r-release-linux-x86_64 | 1.0.2 | 5.99 | 83.66 | 89.65 | OK | |
r-release-macos-arm64 | 1.0.2 | 32.00 | NOTE | |||
r-release-windows-x86_64 | 1.0.2 | 7.00 | 82.00 | 89.00 | NOTE | |
r-oldrel-macos-arm64 | 1.0.2 | 38.00 | OK | |||
r-oldrel-macos-x86_64 | 1.0.2 | 69.00 | OK | |||
r-oldrel-windows-x86_64 | 1.0.2 | 9.00 | 92.00 | 101.00 | OK |
Version: 1.0.2
Check: Rd files
Result: NOTE
checkRd: (-1) sim.data.Rd:11: Lost braces in \enumerate; meant \describe ?
checkRd: (-1) sim.data.Rd:12: Lost braces in \enumerate; meant \describe ?
checkRd: (-1) sim.data.Rd:13: Lost braces in \enumerate; meant \describe ?
checkRd: (-1) sim.data.Rd:14: Lost braces in \enumerate; meant \describe ?
checkRd: (-1) sim.data.Rd:15: Lost braces in \enumerate; meant \describe ?
checkRd: (-1) sim.data.Rd:16: Lost braces in \enumerate; meant \describe ?
checkRd: (-1) sim.data.Rd:17: Lost braces in \enumerate; meant \describe ?
checkRd: (-1) sim.data.Rd:18: Lost braces in \enumerate; meant \describe ?
checkRd: (-1) sim.data.Rd:19: Lost braces in \enumerate; meant \describe ?
checkRd: (-1) sim.data.Rd:20: Lost braces in \enumerate; meant \describe ?
checkRd: (-1) sim.data.Rd:21: Lost braces in \enumerate; meant \describe ?
checkRd: (-1) sim.data.Rd:22: Lost braces in \enumerate; meant \describe ?
checkRd: (-1) sim.data.Rd:23: Lost braces in \enumerate; meant \describe ?
checkRd: (-1) sim.data.Rd:24: Lost braces in \enumerate; meant \describe ?
checkRd: (-1) sim.data.Rd:25: Lost braces in \enumerate; meant \describe ?
checkRd: (-1) sim.data.Rd:26: Lost braces in \enumerate; meant \describe ?
checkRd: (-1) sim.data.Rd:27: Lost braces in \enumerate; meant \describe ?
Flavors: r-devel-linux-x86_64-debian-clang, r-devel-linux-x86_64-debian-gcc, r-devel-linux-x86_64-fedora-clang, r-devel-linux-x86_64-fedora-gcc, r-devel-windows-x86_64, r-patched-linux-x86_64, r-release-macos-arm64, r-release-windows-x86_64