Last updated on 2024-04-23 10:54:08 CEST.
Flavor | Version | Tinstall | Tcheck | Ttotal | Status | Flags |
---|---|---|---|---|---|---|
r-devel-linux-x86_64-debian-clang | 1.5.4 | 8.30 | 80.48 | 88.78 | NOTE | |
r-devel-linux-x86_64-debian-gcc | 1.5.4 | 6.65 | 61.73 | 68.38 | NOTE | |
r-devel-linux-x86_64-fedora-clang | 1.5.4 | 112.26 | NOTE | |||
r-devel-linux-x86_64-fedora-gcc | 1.5.4 | 122.29 | NOTE | |||
r-prerel-macos-arm64 | 1.5.4 | 41.00 | NOTE | |||
r-prerel-windows-x86_64 | 1.5.4 | 8.00 | 75.00 | 83.00 | NOTE | |
r-patched-linux-x86_64 | 1.5.4 | 7.18 | 77.45 | 84.63 | NOTE | |
r-release-linux-x86_64 | 1.5.4 | 6.87 | 78.27 | 85.14 | OK | |
r-release-macos-arm64 | 1.5.4 | 40.00 | OK | |||
r-release-macos-x86_64 | 1.5.4 | 75.00 | OK | |||
r-release-windows-x86_64 | 1.5.4 | 10.00 | 91.00 | 101.00 | OK | |
r-oldrel-macos-arm64 | 1.5.4 | 34.00 | OK | |||
r-oldrel-windows-x86_64 | 1.5.4 | 10.00 | 95.00 | 105.00 | OK |
Version: 1.5.4
Check: Rd contents
Result: NOTE
Argument items with no description in Rd file 'predict.mfp.Rd':
‘safe’
Flavors: r-devel-linux-x86_64-debian-clang, r-devel-linux-x86_64-debian-gcc, r-devel-linux-x86_64-fedora-clang, r-devel-linux-x86_64-fedora-gcc, r-prerel-macos-arm64, r-prerel-windows-x86_64, r-patched-linux-x86_64