CRAN Package Check Results for Package mets

Last updated on 2021-07-25 09:50:25 CEST.

Flavor Version Tinstall Tcheck Ttotal Status Flags
r-devel-linux-x86_64-debian-clang 1.2.8.1 367.17 421.50 788.67 OK
r-devel-linux-x86_64-debian-gcc 1.2.8.1 260.26 310.07 570.33 OK
r-devel-linux-x86_64-fedora-clang 1.2.8.1 1058.65 NOTE
r-devel-linux-x86_64-fedora-gcc 1.2.8.1 983.86 OK
r-devel-windows-x86_64 1.2.8.1 307.00 475.00 782.00 NOTE
r-devel-windows-x86_64-gcc10-UCRT 1.2.8.1 OK
r-patched-linux-x86_64 1.2.8.1 302.43 400.22 702.65 OK
r-patched-solaris-x86 1.2.8.1 1082.70 NOTE
r-release-linux-x86_64 1.2.8.1 298.85 398.78 697.63 OK
r-release-macos-arm64 1.2.8.1 NOTE
r-release-macos-x86_64 1.2.8.1 NOTE
r-release-windows-ix86+x86_64 1.2.8.1 768.00 652.00 1420.00 NOTE
r-oldrel-macos-x86_64 1.2.8.1 NOTE
r-oldrel-windows-ix86+x86_64 1.2.8.1 766.00 606.00 1372.00 NOTE

Check Details

Version: 1.2.8.1
Check: installed package size
Result: NOTE
     installed size is 28.6Mb
     sub-directories of 1Mb or more:
     R 1.3Mb
     doc 5.4Mb
     libs 20.3Mb
Flavors: r-devel-linux-x86_64-fedora-clang, r-devel-windows-x86_64, r-patched-solaris-x86, r-release-macos-arm64, r-release-macos-x86_64, r-release-windows-ix86+x86_64, r-oldrel-macos-x86_64, r-oldrel-windows-ix86+x86_64