CRAN Package Check Results for Package meteorits

Last updated on 2021-10-19 09:54:18 CEST.

Flavor Version Tinstall Tcheck Ttotal Status Flags
r-devel-linux-x86_64-debian-clang 0.1.1 49.64 212.28 261.92 OK
r-devel-linux-x86_64-debian-gcc 0.1.1 37.00 144.43 181.43 OK
r-devel-linux-x86_64-fedora-clang 0.1.1 514.00 NOTE
r-devel-linux-x86_64-fedora-gcc 0.1.1 361.74 OK
r-devel-windows-x86_64 0.1.1 71.00 375.00 446.00 NOTE
r-devel-windows-x86_64-gcc10-UCRT 0.1.1 OK
r-patched-linux-x86_64 0.1.1 42.40 235.40 277.80 OK
r-patched-solaris-x86 0.1.1 471.90 NOTE
r-release-linux-x86_64 0.1.1 47.00 247.49 294.49 OK
r-release-macos-arm64 0.1.1 NOTE
r-release-macos-x86_64 0.1.1 NOTE
r-release-windows-ix86+x86_64 0.1.1 102.00 404.00 506.00 NOTE
r-oldrel-macos-x86_64 0.1.1 NOTE
r-oldrel-windows-ix86+x86_64 0.1.1 136.00 502.00 638.00 NOTE

Check Details

Version: 0.1.1
Check: installed package size
Result: NOTE
     installed size is 6.7Mb
     sub-directories of 1Mb or more:
     doc 2.3Mb
     help 2.0Mb
     libs 2.0Mb
Flavors: r-devel-linux-x86_64-fedora-clang, r-devel-windows-x86_64, r-patched-solaris-x86, r-release-macos-arm64, r-release-macos-x86_64, r-release-windows-ix86+x86_64, r-oldrel-macos-x86_64, r-oldrel-windows-ix86+x86_64