Last updated on 2024-04-23 10:54:08 CEST.
Flavor | Version | Tinstall | Tcheck | Ttotal | Status | Flags |
---|---|---|---|---|---|---|
r-devel-linux-x86_64-debian-clang | 1.1.1 | 3.99 | 148.31 | 152.30 | NOTE | |
r-devel-linux-x86_64-debian-gcc | 1.1.1 | 4.54 | 98.10 | 102.64 | NOTE | |
r-devel-linux-x86_64-fedora-clang | 1.1.1 | 181.49 | NOTE | |||
r-devel-linux-x86_64-fedora-gcc | 1.1.1 | 187.41 | NOTE | |||
r-prerel-macos-arm64 | 1.1.1 | 63.00 | NOTE | |||
r-prerel-windows-x86_64 | 1.1.1 | 8.00 | 123.00 | 131.00 | NOTE | |
r-patched-linux-x86_64 | 1.1.1 | 6.65 | 140.21 | 146.86 | NOTE | |
r-release-linux-x86_64 | 1.1.1 | 4.71 | 137.17 | 141.88 | NOTE | |
r-release-macos-arm64 | 1.1.1 | 59.00 | NOTE | |||
r-release-macos-x86_64 | 1.1.1 | 95.00 | NOTE | |||
r-release-windows-x86_64 | 1.1.1 | 9.00 | 139.00 | 148.00 | NOTE | |
r-oldrel-macos-arm64 | 1.1.1 | 49.00 | NOTE | |||
r-oldrel-windows-x86_64 | 1.1.1 | 8.00 | 142.00 | 150.00 | NOTE |
Version: 1.1.1
Check: LazyData
Result: NOTE
'LazyData' is specified without a 'data' directory
Flavors: r-devel-linux-x86_64-debian-clang, r-devel-linux-x86_64-debian-gcc, r-devel-linux-x86_64-fedora-clang, r-devel-linux-x86_64-fedora-gcc, r-prerel-macos-arm64, r-prerel-windows-x86_64, r-patched-linux-x86_64, r-release-linux-x86_64, r-release-macos-arm64, r-release-macos-x86_64, r-release-windows-x86_64, r-oldrel-macos-arm64, r-oldrel-windows-x86_64
Version: 1.1.1
Check: dependencies in R code
Result: NOTE
Namespace in Imports field not imported from: ‘urca’
All declared Imports should be used.
Flavors: r-devel-linux-x86_64-fedora-clang, r-devel-linux-x86_64-fedora-gcc, r-oldrel-macos-arm64