CRAN Package Check Results for Package memo

Last updated on 2021-09-19 09:50:25 CEST.

Flavor Version Tinstall Tcheck Ttotal Status Flags
r-devel-linux-x86_64-debian-clang 1.0.1 2.41 24.61 27.02 NOTE
r-devel-linux-x86_64-debian-gcc 1.0.1 2.10 19.67 21.77 NOTE
r-devel-linux-x86_64-fedora-clang 1.0.1 42.01 OK
r-devel-linux-x86_64-fedora-gcc 1.0.1 31.34 OK
r-devel-windows-x86_64 1.0.1 7.00 44.00 51.00 NOTE
r-devel-windows-x86_64-gcc10-UCRT 1.0.1 ERROR
r-patched-linux-x86_64 1.0.1 2.53 24.00 26.53 NOTE
r-patched-solaris-x86 1.0.1 52.20 OK
r-release-linux-x86_64 1.0.1 2.34 23.66 26.00 NOTE
r-release-macos-arm64 1.0.1 OK
r-release-macos-x86_64 1.0.1 OK
r-release-windows-ix86+x86_64 1.0.1 11.00 36.00 47.00 NOTE
r-oldrel-macos-x86_64 1.0.1 OK
r-oldrel-windows-ix86+x86_64 1.0.1 10.00 36.00 46.00 NOTE

Check Details

Version: 1.0.1
Check: package vignettes
Result: NOTE
    Package vignette with placeholder title 'Vignette Title':
     'README.Rmd'
Flavors: r-devel-linux-x86_64-debian-clang, r-devel-linux-x86_64-debian-gcc, r-devel-windows-x86_64, r-patched-linux-x86_64, r-release-linux-x86_64, r-release-windows-ix86+x86_64, r-oldrel-windows-ix86+x86_64

Version: 1.0.1
Check: whether package can be installed
Result: ERROR
    Installation failed.
Flavor: r-devel-windows-x86_64-gcc10-UCRT