CRAN Package Check Results for Package meme

Last updated on 2021-07-27 09:53:27 CEST.

Flavor Version Tinstall Tcheck Ttotal Status Flags
r-devel-linux-x86_64-debian-clang 0.2.3 5.72 90.54 96.26 OK
r-devel-linux-x86_64-debian-gcc 0.2.3 4.19 68.32 72.51 OK
r-devel-linux-x86_64-fedora-clang 0.2.3 112.51 OK
r-devel-linux-x86_64-fedora-gcc 0.2.3 110.99 OK
r-devel-windows-x86_64 0.2.3 10.00 110.00 120.00 OK
r-devel-windows-x86_64-gcc10-UCRT 0.2.3 OK
r-patched-linux-x86_64 0.2.3 4.71 82.84 87.55 OK
r-patched-solaris-x86 0.2.3 169.50 OK
r-release-linux-x86_64 0.2.3 5.77 82.19 87.96 OK
r-release-macos-arm64 0.2.3 ERROR
r-release-macos-x86_64 0.2.3 OK
r-release-windows-ix86+x86_64 0.2.3 15.00 79.00 94.00 OK
r-oldrel-macos-x86_64 0.2.3 OK
r-oldrel-windows-ix86+x86_64 0.2.3 14.00 108.00 122.00 OK

Check Details

Version: 0.2.3
Check: package dependencies
Result: ERROR
    Packages required but not available: 'showtext', 'sysfonts'
    
    See section ‘The DESCRIPTION file’ in the ‘Writing R Extensions’
    manual.
Flavor: r-release-macos-arm64