Last updated on 2024-03-28 10:49:39 CET.
Flavor | Version | Tinstall | Tcheck | Ttotal | Status | Flags |
---|---|---|---|---|---|---|
r-devel-linux-x86_64-debian-clang | 0.2-2 | 4.23 | 51.74 | 55.97 | OK | |
r-devel-linux-x86_64-debian-gcc | 0.2-2 | 3.94 | 37.84 | 41.78 | OK | |
r-devel-linux-x86_64-fedora-clang | 0.2-2 | 69.83 | NOTE | |||
r-devel-linux-x86_64-fedora-gcc | 0.2-2 | 82.21 | NOTE | |||
r-devel-windows-x86_64 | 0.2-2 | 6.00 | 61.00 | 67.00 | OK | |
r-patched-linux-x86_64 | 0.2-2 | 3.72 | 48.68 | 52.40 | OK | |
r-release-linux-x86_64 | 0.2-2 | 3.26 | 47.44 | 50.70 | OK | |
r-release-macos-arm64 | 0.2-2 | 32.00 | OK | |||
r-release-macos-x86_64 | 0.2-2 | 39.00 | OK | |||
r-release-windows-x86_64 | 0.2-2 | 8.00 | 64.00 | 72.00 | OK | |
r-oldrel-macos-arm64 | 0.2-2 | 25.00 | NOTE | |||
r-oldrel-windows-x86_64 | 0.2-2 | 9.00 | 64.00 | 73.00 | OK |
Version: 0.2-2
Check: dependencies in R code
Result: NOTE
Namespace in Imports field not imported from: ‘dplyr’
All declared Imports should be used.
Flavors: r-devel-linux-x86_64-fedora-clang, r-devel-linux-x86_64-fedora-gcc, r-oldrel-macos-arm64