CRAN Package Check Results for Package medfate

Last updated on 2021-07-27 09:53:27 CEST.

Flavor Version Tinstall Tcheck Ttotal Status Flags
r-devel-linux-x86_64-debian-clang 2.2.3 364.10 390.41 754.51 OK
r-devel-linux-x86_64-debian-gcc 2.2.3 263.77 285.19 548.96 OK
r-devel-linux-x86_64-fedora-clang 2.2.3 1009.34 NOTE
r-devel-linux-x86_64-fedora-gcc 2.2.3 939.39 OK
r-devel-windows-x86_64 2.2.3 400.00 474.00 874.00 NOTE
r-devel-windows-x86_64-gcc10-UCRT 2.2.3 OK
r-patched-linux-x86_64 2.2.3 291.94 378.14 670.08 OK
r-patched-solaris-x86 2.2.3 1123.60 NOTE
r-release-linux-x86_64 2.2.3 262.55 372.37 634.92 OK
r-release-macos-arm64 2.2.3 WARN
r-release-macos-x86_64 2.2.3 NOTE
r-release-windows-ix86+x86_64 2.2.3 755.00 417.00 1172.00 NOTE
r-oldrel-macos-x86_64 2.2.3 NOTE
r-oldrel-windows-ix86+x86_64 2.2.3 533.00 597.00 1130.00 NOTE

Check Details

Version: 2.2.3
Check: installed package size
Result: NOTE
     installed size is 32.1Mb
     sub-directories of 1Mb or more:
     doc 3.2Mb
     libs 27.9Mb
Flavors: r-devel-linux-x86_64-fedora-clang, r-devel-windows-x86_64, r-patched-solaris-x86, r-release-macos-arm64, r-release-macos-x86_64, r-release-windows-ix86+x86_64, r-oldrel-macos-x86_64, r-oldrel-windows-ix86+x86_64

Version: 2.2.3
Check: re-building of vignette outputs
Result: WARN
    Error(s) in re-building vignettes:
    --- re-building ‘AdvancedWaterEnergyBalance.Rmd’ using rmarkdown
    Warning in engine$weave(file, quiet = quiet, encoding = enc) :
     Pandoc (>= 1.12.3) not available. Falling back to R Markdown v1.
    Quitting from lines 127-131 (AdvancedWaterEnergyBalance.Rmd)
    Error: processing vignette 'AdvancedWaterEnergyBalance.Rmd' failed with diagnostics:
    polygon edge not found
    --- failed re-building ‘AdvancedWaterEnergyBalance.Rmd’
    
    --- re-building ‘BasicWaterBalance.Rmd’ using rmarkdown
    Warning in engine$weave(file, quiet = quiet, encoding = enc) :
     Pandoc (>= 1.12.3) not available. Falling back to R Markdown v1.
    Quitting from lines 161-164 (BasicWaterBalance.Rmd)
    Error: processing vignette 'BasicWaterBalance.Rmd' failed with diagnostics:
    polygon edge not found
    --- failed re-building ‘BasicWaterBalance.Rmd’
    
    --- re-building ‘ForestDynamics.Rmd’ using rmarkdown
    Warning in engine$weave(file, quiet = quiet, encoding = enc) :
     Pandoc (>= 1.12.3) not available. Falling back to R Markdown v1.
    Quitting from lines 126-129 (ForestDynamics.Rmd)
    Error: processing vignette 'ForestDynamics.Rmd' failed with diagnostics:
    polygon edge not found
    --- failed re-building ‘ForestDynamics.Rmd’
    
    --- re-building ‘ForestGrowth.Rmd’ using rmarkdown
    Warning in engine$weave(file, quiet = quiet, encoding = enc) :
     Pandoc (>= 1.12.3) not available. Falling back to R Markdown v1.
    Quitting from lines 130-131 (ForestGrowth.Rmd)
    Error: processing vignette 'ForestGrowth.Rmd' failed with diagnostics:
    polygon edge not found
    --- failed re-building ‘ForestGrowth.Rmd’
    
    --- re-building ‘PackageOverview.Rmd’ using rmarkdown
    Warning in engine$weave(file, quiet = quiet, encoding = enc) :
     Pandoc (>= 1.12.3) not available. Falling back to R Markdown v1.
    --- finished re-building ‘PackageOverview.Rmd’
    
    --- re-building ‘PreparingInputs.Rmd’ using rmarkdown
    Warning in engine$weave(file, quiet = quiet, encoding = enc) :
     Pandoc (>= 1.12.3) not available. Falling back to R Markdown v1.
    Quitting from lines 69-70 (PreparingInputs.Rmd)
    Error: processing vignette 'PreparingInputs.Rmd' failed with diagnostics:
    polygon edge not found
    --- failed re-building ‘PreparingInputs.Rmd’
    
    SUMMARY: processing the following files failed:
     ‘AdvancedWaterEnergyBalance.Rmd’ ‘BasicWaterBalance.Rmd’
     ‘ForestDynamics.Rmd’ ‘ForestGrowth.Rmd’ ‘PreparingInputs.Rmd’
    
    Error: Vignette re-building failed.
    Execution halted
Flavor: r-release-macos-arm64