CRAN Package Check Results for Package mdir.logrank

Last updated on 2021-10-24 10:04:11 CEST.

Flavor Version Tinstall Tcheck Ttotal Status Flags
r-devel-linux-x86_64-debian-clang 0.0.4 3.97 31.81 35.78 NOTE
r-devel-linux-x86_64-debian-gcc 0.0.4 2.65 24.18 26.83 NOTE
r-devel-linux-x86_64-fedora-clang 0.0.4 52.44 NOTE
r-devel-linux-x86_64-fedora-gcc 0.0.4 42.59 NOTE
r-devel-windows-x86_64 0.0.4 6.00 49.00 55.00 NOTE
r-devel-windows-x86_64-gcc10-UCRT 0.0.4 NOTE
r-patched-linux-x86_64 0.0.4 2.91 30.86 33.77 NOTE
r-patched-solaris-x86 0.0.4 60.90 NOTE
r-release-linux-x86_64 0.0.4 2.93 30.44 33.37 NOTE
r-release-macos-arm64 0.0.4 NOTE
r-release-macos-x86_64 0.0.4 NOTE
r-release-windows-ix86+x86_64 0.0.4 4.00 48.00 52.00 NOTE
r-oldrel-macos-x86_64 0.0.4 OK
r-oldrel-windows-ix86+x86_64 0.0.4 7.00 49.00 56.00 OK

Check Details

Version: 0.0.4
Check: LazyData
Result: NOTE
     'LazyData' is specified without a 'data' directory
Flavors: r-devel-linux-x86_64-debian-clang, r-devel-linux-x86_64-debian-gcc, r-devel-linux-x86_64-fedora-clang, r-devel-linux-x86_64-fedora-gcc, r-devel-windows-x86_64, r-devel-windows-x86_64-gcc10-UCRT, r-patched-linux-x86_64, r-patched-solaris-x86, r-release-linux-x86_64, r-release-macos-arm64, r-release-macos-x86_64, r-release-windows-ix86+x86_64

Version: 0.0.4
Check: package dependencies
Result: NOTE
    Suggests orphaned package: ‘RGtk2’
Flavor: r-devel-linux-x86_64-fedora-clang

Version: 0.0.4
Check: package dependencies
Result: NOTE
    Package suggested but not available for checking: 'RGtk2'
Flavors: r-devel-windows-x86_64-gcc10-UCRT, r-release-macos-arm64