CRAN Package Check Results for Package mdapack

Last updated on 2021-07-25 09:50:25 CEST.

Flavor Version Tinstall Tcheck Ttotal Status Flags
r-devel-linux-x86_64-debian-clang 0.0.2 2.72 34.45 37.17 NOTE
r-devel-linux-x86_64-debian-gcc 0.0.2 2.08 27.39 29.47 NOTE
r-devel-linux-x86_64-fedora-clang 0.0.2 54.07 NOTE
r-devel-linux-x86_64-fedora-gcc 0.0.2 46.51 NOTE
r-devel-windows-x86_64 0.0.2 5.00 42.00 47.00 NOTE
r-devel-windows-x86_64-gcc10-UCRT 0.0.2 NOTE
r-patched-linux-x86_64 0.0.2 2.73 33.27 36.00 NOTE
r-patched-solaris-x86 0.0.2 66.00 NOTE
r-release-linux-x86_64 0.0.2 2.76 33.00 35.76 NOTE
r-release-macos-arm64 0.0.2 NOTE
r-release-macos-x86_64 0.0.2 NOTE
r-release-windows-ix86+x86_64 0.0.2 9.00 41.00 50.00 NOTE
r-oldrel-macos-x86_64 0.0.2 NOTE
r-oldrel-windows-ix86+x86_64 0.0.2 10.00 53.00 63.00 OK

Check Details

Version: 0.0.2
Check: LazyData
Result: NOTE
     'LazyData' is specified without a 'data' directory
Flavors: r-devel-linux-x86_64-debian-clang, r-devel-linux-x86_64-debian-gcc, r-devel-linux-x86_64-fedora-clang, r-devel-linux-x86_64-fedora-gcc, r-devel-windows-x86_64, r-devel-windows-x86_64-gcc10-UCRT, r-patched-linux-x86_64, r-patched-solaris-x86, r-release-linux-x86_64, r-release-macos-arm64, r-release-macos-x86_64, r-release-windows-ix86+x86_64

Version: 0.0.2
Check: dependencies in R code
Result: NOTE
    Namespaces in Imports field not imported from:
     ‘FactoMineR’ ‘covr’ ‘curl’ ‘devtools’ ‘gh’ ‘git2r’ ‘grDevices’ ‘httr’
     ‘knitr’ ‘openssl’ ‘pkgbuild’ ‘rlang’ ‘rmarkdown’ ‘roxygen2’
     ‘spelling’ ‘testthat’ ‘utils’
     All declared Imports should be used.
Flavors: r-devel-linux-x86_64-fedora-clang, r-devel-linux-x86_64-fedora-gcc, r-devel-windows-x86_64-gcc10-UCRT, r-patched-solaris-x86, r-release-macos-arm64, r-release-macos-x86_64, r-oldrel-macos-x86_64