CRAN Package Check Results for Package mcboost

Last updated on 2021-09-22 09:52:34 CEST.

Flavor Version Tinstall Tcheck Ttotal Status Flags
r-devel-linux-x86_64-debian-clang 0.3.3.0 15.00 116.81 131.81 OK
r-devel-linux-x86_64-debian-gcc 0.3.3.0 11.35 87.47 98.82 OK
r-devel-linux-x86_64-fedora-clang 0.3.3.0 160.65 OK
r-devel-linux-x86_64-fedora-gcc 0.3.3.0 148.78 OK
r-devel-windows-x86_64 0.3.3.0 16.00 102.00 118.00 OK
r-devel-windows-x86_64-gcc10-UCRT 0.3.3.0 ERROR
r-patched-linux-x86_64 0.3.3.0 17.37 110.39 127.76 OK
r-patched-solaris-x86 0.3.3.0 205.80 OK
r-release-linux-x86_64 0.3.3.0 14.06 109.18 123.24 OK
r-release-macos-arm64 0.3.3.0 OK
r-release-macos-x86_64 0.3.3.0 OK
r-release-windows-ix86+x86_64 0.3.3.0 27.00 98.00 125.00 OK
r-oldrel-macos-x86_64 0.3.3.0 OK
r-oldrel-windows-ix86+x86_64 0.3.3.0 19.00 100.00 119.00 OK

Check Details

Version: 0.3.3.0
Check: package dependencies
Result: NOTE
    Package suggested but not available for checking: 'tidyverse'
Flavor: r-devel-windows-x86_64-gcc10-UCRT

Version: 0.3.3.0
Check: PDF version of manual
Result: WARN
    LaTeX errors when creating PDF version.
    This typically indicates Rd problems.
Flavor: r-devel-windows-x86_64-gcc10-UCRT

Version: 0.3.3.0
Check: PDF version of manual without hyperrefs or index
Result: ERROR
    Re-running with no redirection of stdout/stderr.
Flavor: r-devel-windows-x86_64-gcc10-UCRT