Last updated on 2024-05-11 09:51:24 CEST.
Flavor | Version | Tinstall | Tcheck | Ttotal | Status | Flags |
---|---|---|---|---|---|---|
r-devel-linux-x86_64-debian-clang | 0.0.1 | 11.79 | 108.29 | 120.08 | OK | |
r-devel-linux-x86_64-debian-gcc | 0.0.1 | 9.10 | 80.85 | 89.95 | OK | |
r-devel-linux-x86_64-fedora-clang | 0.0.1 | 148.78 | NOTE | |||
r-devel-linux-x86_64-fedora-gcc | 0.0.1 | 214.40 | NOTE | |||
r-devel-windows-x86_64 | 0.0.1 | 12.00 | 94.00 | 106.00 | OK | |
r-patched-linux-x86_64 | 0.0.1 | 10.15 | 103.06 | 113.21 | OK | |
r-release-linux-x86_64 | 0.0.1 | 10.98 | 102.22 | 113.20 | OK | |
r-release-macos-arm64 | 0.0.1 | 49.00 | OK | |||
r-release-windows-x86_64 | 0.0.1 | 10.00 | 95.00 | 105.00 | OK | |
r-oldrel-macos-arm64 | 0.0.1 | 55.00 | OK | |||
r-oldrel-macos-x86_64 | 0.0.1 | 90.00 | OK | |||
r-oldrel-windows-x86_64 | 0.0.1 | 13.00 | 110.00 | 123.00 | OK |
Version: 0.0.1
Check: dependencies in R code
Result: NOTE
Namespace in Imports field not imported from: ‘MASS’
All declared Imports should be used.
Flavors: r-devel-linux-x86_64-fedora-clang, r-devel-linux-x86_64-fedora-gcc