CRAN Package Check Results for Package mbest

Last updated on 2021-10-22 09:53:10 CEST.

Flavor Version Tinstall Tcheck Ttotal Status Flags
r-devel-linux-x86_64-debian-clang 0.6 12.66 200.79 213.45 NOTE
r-devel-linux-x86_64-debian-gcc 0.6 8.92 144.58 153.50 NOTE
r-devel-linux-x86_64-fedora-clang 0.6 250.98 NOTE
r-devel-linux-x86_64-fedora-gcc 0.6 247.61 NOTE
r-devel-windows-x86_64 0.6 20.00 241.00 261.00 NOTE
r-devel-windows-x86_64-gcc10-UCRT 0.6 NOTE
r-patched-linux-x86_64 0.6 16.72 192.52 209.24 NOTE
r-patched-solaris-x86 0.6 320.20 NOTE
r-release-linux-x86_64 0.6 13.54 191.19 204.73 NOTE
r-release-macos-arm64 0.6 NOTE
r-release-macos-x86_64 0.6 NOTE
r-release-windows-ix86+x86_64 0.6 19.00 389.00 408.00 NOTE
r-oldrel-macos-x86_64 0.6 OK
r-oldrel-windows-ix86+x86_64 0.6 30.00 398.00 428.00 OK

Check Details

Version: 0.6
Check: LazyData
Result: NOTE
     'LazyData' is specified without a 'data' directory
Flavors: r-devel-linux-x86_64-debian-clang, r-devel-linux-x86_64-debian-gcc, r-devel-linux-x86_64-fedora-clang, r-devel-linux-x86_64-fedora-gcc, r-devel-windows-x86_64, r-devel-windows-x86_64-gcc10-UCRT, r-patched-linux-x86_64, r-patched-solaris-x86, r-release-linux-x86_64, r-release-macos-arm64, r-release-macos-x86_64, r-release-windows-ix86+x86_64

Version: 0.6
Check: Rd cross-references
Result: NOTE
    Undeclared packages ‘logistf’, ‘brglm’ in Rd xrefs
Flavor: r-devel-linux-x86_64-fedora-clang