CRAN Package Check Results for Package mau

Last updated on 2021-10-21 09:54:57 CEST.

Flavor Version Tinstall Tcheck Ttotal Status Flags
r-devel-linux-x86_64-debian-clang 0.1.2 5.96 70.52 76.48 NOTE
r-devel-linux-x86_64-debian-gcc 0.1.2 4.67 50.94 55.61 NOTE
r-devel-linux-x86_64-fedora-clang 0.1.2 100.91 NOTE
r-devel-linux-x86_64-fedora-gcc 0.1.2 87.40 NOTE
r-devel-windows-x86_64 0.1.2 11.00 95.00 106.00 OK
r-devel-windows-x86_64-gcc10-UCRT 0.1.2 ERROR
r-patched-linux-x86_64 0.1.2 4.97 63.74 68.71 NOTE
r-patched-solaris-x86 0.1.2 125.60 NOTE
r-release-linux-x86_64 0.1.2 5.39 63.67 69.06 NOTE
r-release-macos-arm64 0.1.2 OK
r-release-macos-x86_64 0.1.2 OK
r-release-windows-ix86+x86_64 0.1.2 15.00 90.00 105.00 OK
r-oldrel-macos-x86_64 0.1.2 OK
r-oldrel-windows-ix86+x86_64 0.1.2 17.00 98.00 115.00 OK

Check Details

Version: 0.1.2
Check: for non-standard things in the check directory
Result: NOTE
    Found the following files/directories:
     'utilities.R'
Flavors: r-devel-linux-x86_64-debian-clang, r-devel-linux-x86_64-debian-gcc, r-devel-linux-x86_64-fedora-clang, r-devel-linux-x86_64-fedora-gcc, r-patched-linux-x86_64, r-patched-solaris-x86, r-release-linux-x86_64

Version: 0.1.2
Check: package dependencies
Result: ERROR
    Package required but not available: 'igraph'
    
    See section 'The DESCRIPTION file' in the 'Writing R Extensions'
    manual.
Flavor: r-devel-windows-x86_64-gcc10-UCRT