CRAN Package Check Results for Package matricks

Last updated on 2021-07-27 09:53:27 CEST.

Flavor Version Tinstall Tcheck Ttotal Status Flags
r-devel-linux-x86_64-debian-clang 0.8.2 21.53 57.67 79.20 NOTE
r-devel-linux-x86_64-debian-gcc 0.8.2 14.65 42.48 57.13 NOTE
r-devel-linux-x86_64-fedora-clang 0.8.2 107.86 NOTE
r-devel-linux-x86_64-fedora-gcc 0.8.2 91.27 NOTE
r-devel-windows-x86_64 0.8.2 30.00 97.00 127.00 NOTE
r-devel-windows-x86_64-gcc10-UCRT 0.8.2 NOTE
r-patched-linux-x86_64 0.8.2 18.54 52.98 71.52 NOTE
r-patched-solaris-x86 0.8.2 115.20 NOTE
r-release-linux-x86_64 0.8.2 18.27 52.93 71.20 NOTE
r-release-macos-arm64 0.8.2 WARN
r-release-macos-x86_64 0.8.2 NOTE
r-release-windows-ix86+x86_64 0.8.2 52.00 81.00 133.00 NOTE
r-oldrel-macos-x86_64 0.8.2 OK
r-oldrel-windows-ix86+x86_64 0.8.2 40.00 128.00 168.00 OK

Check Details

Version: 0.8.2
Check: LazyData
Result: NOTE
     'LazyData' is specified without a 'data' directory
Flavors: r-devel-linux-x86_64-debian-clang, r-devel-linux-x86_64-debian-gcc, r-devel-linux-x86_64-fedora-clang, r-devel-linux-x86_64-fedora-gcc, r-devel-windows-x86_64, r-devel-windows-x86_64-gcc10-UCRT, r-patched-linux-x86_64, r-patched-solaris-x86, r-release-linux-x86_64, r-release-macos-arm64, r-release-macos-x86_64, r-release-windows-ix86+x86_64

Version: 0.8.2
Check: re-building of vignette outputs
Result: WARN
    Error(s) in re-building vignettes:
     ...
    --- re-building ‘policy_evaluation.Rmd’ using rmarkdown
    Warning in engine$weave(file, quiet = quiet, encoding = enc) :
     Pandoc (>= 1.12.3) not available. Falling back to R Markdown v1.
    Quitting from lines 40-60 (policy_evaluation.Rmd)
    Error: processing vignette 'policy_evaluation.Rmd' failed with diagnostics:
    polygon edge not found
    --- failed re-building ‘policy_evaluation.Rmd’
    
    SUMMARY: processing the following file failed:
     ‘policy_evaluation.Rmd’
    
    Error: Vignette re-building failed.
    Execution halted
Flavor: r-release-macos-arm64