CRAN Package Check Results for Package mashr

Last updated on 2021-09-22 09:52:33 CEST.

Flavor Version Tinstall Tcheck Ttotal Status Flags
r-devel-linux-x86_64-debian-clang 0.2.50 69.35 279.81 349.16 NOTE
r-devel-linux-x86_64-debian-gcc 0.2.50 50.50 201.41 251.91 NOTE
r-devel-linux-x86_64-fedora-clang 0.2.50 430.88 NOTE
r-devel-linux-x86_64-fedora-gcc 0.2.50 404.65 NOTE
r-devel-windows-x86_64 0.2.50 64.00 264.00 328.00 NOTE
r-devel-windows-x86_64-gcc10-UCRT 0.2.50 ERROR
r-patched-linux-x86_64 0.2.50 57.46 281.79 339.25 NOTE
r-patched-solaris-x86 0.2.50 496.00 NOTE
r-release-linux-x86_64 0.2.50 53.44 280.50 333.94 NOTE
r-release-macos-arm64 0.2.50 NOTE
r-release-macos-x86_64 0.2.50 NOTE
r-release-windows-ix86+x86_64 0.2.50 155.00 366.00 521.00 NOTE
r-oldrel-macos-x86_64 0.2.50 NOTE
r-oldrel-windows-ix86+x86_64 0.2.50 115.00 358.00 473.00 NOTE

Check Details

Version: 0.2.50
Check: package dependencies
Result: NOTE
    Package suggested but not available for checking: 'flashr'
Flavors: r-devel-linux-x86_64-debian-clang, r-devel-linux-x86_64-debian-gcc, r-devel-linux-x86_64-fedora-clang, r-devel-linux-x86_64-fedora-gcc, r-devel-windows-x86_64, r-patched-linux-x86_64, r-release-linux-x86_64, r-release-macos-arm64, r-release-macos-x86_64, r-release-windows-ix86+x86_64, r-oldrel-macos-x86_64, r-oldrel-windows-ix86+x86_64

Version: 0.2.50
Check: installed package size
Result: NOTE
     installed size is 5.4Mb
     sub-directories of 1Mb or more:
     libs 4.5Mb
Flavors: r-devel-linux-x86_64-fedora-clang, r-release-macos-arm64, r-release-macos-x86_64, r-oldrel-macos-x86_64

Version: 0.2.50
Check: package dependencies
Result: NOTE
    Packages suggested but not available for checking: 'kableExtra', 'flashr'
Flavor: r-devel-windows-x86_64-gcc10-UCRT

Version: 0.2.50
Check: whether package can be installed
Result: ERROR
    Installation failed.
Flavor: r-devel-windows-x86_64-gcc10-UCRT

Version: 0.2.50
Check: package dependencies
Result: NOTE
    Packages suggested but not available for checking: 'REBayes', 'flashr'
Flavor: r-patched-solaris-x86