CRAN Package Check Results for Package markerpen

Last updated on 2021-10-18 09:54:48 CEST.

Flavor Version Tinstall Tcheck Ttotal Status Flags
r-devel-linux-x86_64-debian-clang 0.1.1 60.96 97.84 158.80 OK
r-devel-linux-x86_64-debian-gcc 0.1.1 44.68 69.00 113.68 OK
r-devel-linux-x86_64-fedora-clang 0.1.1 215.46 NOTE
r-devel-linux-x86_64-fedora-gcc 0.1.1 186.15 OK
r-devel-windows-x86_64 0.1.1 72.00 115.00 187.00 NOTE
r-devel-windows-x86_64-gcc10-UCRT 0.1.1 OK
r-patched-linux-x86_64 0.1.1 53.18 85.43 138.61 OK
r-patched-solaris-x86 0.1.1 452.70 OK
r-release-linux-x86_64 0.1.1 52.95 85.40 138.35 OK
r-release-macos-arm64 0.1.1 NOTE
r-release-macos-x86_64 0.1.1 NOTE
r-release-windows-ix86+x86_64 0.1.1 99.00 155.00 254.00 NOTE
r-oldrel-macos-x86_64 0.1.1 NOTE
r-oldrel-windows-ix86+x86_64 0.1.1 140.00 158.00 298.00 NOTE

Check Details

Version: 0.1.1
Check: installed package size
Result: NOTE
     installed size is 14.2Mb
     sub-directories of 1Mb or more:
     examples 2.7Mb
     libs 10.1Mb
Flavors: r-devel-linux-x86_64-fedora-clang, r-devel-windows-x86_64, r-release-macos-arm64, r-release-macos-x86_64, r-release-windows-ix86+x86_64, r-oldrel-macos-x86_64, r-oldrel-windows-ix86+x86_64