CRAN Package Check Results for Package mapping

Last updated on 2021-09-19 09:50:24 CEST.

Flavor Version Tinstall Tcheck Ttotal Status Flags
r-devel-linux-x86_64-debian-clang 1.3 26.95 323.47 350.42 OK
r-devel-linux-x86_64-debian-gcc 1.3 24.17 244.00 268.17 OK
r-devel-linux-x86_64-fedora-clang 1.3 434.83 NOTE
r-devel-linux-x86_64-fedora-gcc 1.3 422.48 NOTE
r-devel-windows-x86_64 1.3 36.00 461.00 497.00 OK
r-devel-windows-x86_64-gcc10-UCRT 1.3 ERROR
r-patched-linux-x86_64 1.3 34.10 306.97 341.07 OK
r-patched-solaris-x86 1.3 531.60 WARN
r-release-linux-x86_64 1.3 27.30 312.71 340.01 OK
r-release-macos-arm64 1.3 NOTE
r-release-macos-x86_64 1.3 NOTE
r-release-windows-ix86+x86_64 1.3 72.00 345.00 417.00 OK
r-oldrel-macos-x86_64 1.3 NOTE
r-oldrel-windows-ix86+x86_64 1.3 74.00 335.00 409.00 OK

Check Details

Version: 1.3
Check: data for non-ASCII characters
Result: NOTE
     Note: found 29618 marked UTF-8 strings
Flavors: r-devel-linux-x86_64-fedora-clang, r-devel-linux-x86_64-fedora-gcc, r-patched-solaris-x86, r-release-macos-arm64, r-release-macos-x86_64, r-oldrel-macos-x86_64

Version: 1.3
Check: package dependencies
Result: ERROR
    Packages required but not available: 'tmap', 'tmaptools'
    
    See section 'The DESCRIPTION file' in the 'Writing R Extensions'
    manual.
Flavor: r-devel-windows-x86_64-gcc10-UCRT

Version: 1.3
Check: re-building of vignette outputs
Result: WARN
    Error(s) in re-building vignettes:
     ...
    --- re-building ‘a-journey-into-mapping.Rmd’ using rmarkdown
    Pandoc is required to build R Markdown vignettes but not available. Please make sure it is installed.
    Package 'mapping' version 1.3
    Type 'citation("mapping")' for citing this R package in publications.
    trying URL 'https://raw.githubusercontent.com/dataallaround/geospatial/master/EU/nuts/GeoJSON/eu_2021_nuts0_20m.geojson'
    Content type 'text/plain; charset=utf-8' length 135449 bytes (132 KB)
    ==================================================
    downloaded 132 KB
    
    trying URL 'https://raw.githubusercontent.com/dataallaround/geospatial/master/IT/GeoJSON/it_2018_provincia.geojson'
    Content type 'text/plain; charset=utf-8' length 3541074 bytes (3.4 MB)
    ==================================================
    downloaded 3.4 MB
    
    trying URL 'https://raw.githubusercontent.com/dataallaround/geospatial/master/EU/nuts/GeoJSON/eu_2021_nuts1_20m.geojson'
    Content type 'text/plain; charset=utf-8' length 224638 bytes (219 KB)
    ==================================================
    downloaded 219 KB
    
    trying URL 'https://raw.githubusercontent.com/dataallaround/geospatial/master/US/GeoJSON/us_2018_state_20m.geojson'
    Content type 'text/plain; charset=utf-8' length 330996 bytes (323 KB)
    ==================================================
    downloaded 323 KB
    
    Warning: Values have found that are less than the lowest break
    Warning: Values have found that are higher than the highest break
    Warning in st_centroid.sf(data[hw, ]) :
     st_centroid assumes attributes are constant over geometries of x
    Warning in st_centroid.sf(data[data[alhw, ], ]) :
     st_centroid assumes attributes are constant over geometries of x
    Warning: Values have found that are less than the lowest break
    Warning: Values have found that are higher than the highest break
    PhantomJS not found. You can install it with webshot::install_phantomjs(). If it is installed, please make sure the phantomjs executable can be found via the PATH variable.
    PhantomJS not found. You can install it with webshot::install_phantomjs(). If it is installed, please make sure the phantomjs executable can be found via the PATH variable.
    Quitting from lines 300-304 (a-journey-into-mapping.Rmd)
    Error: processing vignette 'a-journey-into-mapping.Rmd' failed with diagnostics:
    invalid 'path' argument
    --- failed re-building ‘a-journey-into-mapping.Rmd’
    
    SUMMARY: processing the following file failed:
     ‘a-journey-into-mapping.Rmd’
    
    Error: Vignette re-building failed.
    Execution halted
Flavor: r-patched-solaris-x86