Last updated on 2024-05-07 10:56:03 CEST.
Flavor | Version | Tinstall | Tcheck | Ttotal | Status | Flags |
---|---|---|---|---|---|---|
r-devel-linux-x86_64-debian-clang | 0.2.5 | 142.23 | 111.71 | 253.94 | NOTE | |
r-devel-linux-x86_64-debian-gcc | 0.2.5 | 107.44 | 81.51 | 188.95 | NOTE | |
r-devel-linux-x86_64-fedora-clang | 0.2.5 | 345.21 | NOTE | |||
r-devel-linux-x86_64-fedora-gcc | 0.2.5 | 416.69 | NOTE | |||
r-devel-windows-x86_64 | 0.2.5 | 109.00 | 131.00 | 240.00 | NOTE | |
r-patched-linux-x86_64 | 0.2.5 | 129.92 | 103.15 | 233.07 | NOTE | |
r-release-linux-x86_64 | 0.2.5 | 141.53 | 104.56 | 246.09 | NOTE | |
r-release-macos-arm64 | 0.2.5 | 73.00 | NOTE | |||
r-release-windows-x86_64 | 0.2.5 | 107.00 | 134.00 | 241.00 | NOTE | |
r-oldrel-macos-arm64 | 0.2.5 | 83.00 | NOTE | |||
r-oldrel-macos-x86_64 | 0.2.5 | 147.00 | NOTE | |||
r-oldrel-windows-x86_64 | 0.2.5 | 132.00 | 151.00 | 283.00 | OK |
Version: 0.2.5
Check: Rd files
Result: NOTE
checkRd: (-1) shortestpath.Rd:19: Lost braces; missing escapes or markup?
19 | \eqn{0} means there exists no path for node \eqn{i} and {j}.
| ^
Flavors: r-devel-linux-x86_64-debian-clang, r-devel-linux-x86_64-debian-gcc, r-devel-linux-x86_64-fedora-clang, r-devel-linux-x86_64-fedora-gcc, r-devel-windows-x86_64, r-patched-linux-x86_64, r-release-linux-x86_64, r-release-macos-arm64, r-release-windows-x86_64
Version: 0.2.5
Check: installed package size
Result: NOTE
installed size is 5.9Mb
sub-directories of 1Mb or more:
libs 5.6Mb
Flavors: r-release-macos-arm64, r-oldrel-macos-arm64, r-oldrel-macos-x86_64