Last updated on 2024-04-22 10:56:29 CEST.
Flavor | Version | Tinstall | Tcheck | Ttotal | Status | Flags |
---|---|---|---|---|---|---|
r-devel-linux-x86_64-debian-clang | 0.1.5 | 1.95 | 21.32 | 23.27 | NOTE | |
r-devel-linux-x86_64-debian-gcc | 0.1.5 | 1.57 | 16.79 | 18.36 | NOTE | |
r-devel-linux-x86_64-fedora-clang | 0.1.5 | 29.46 | NOTE | |||
r-devel-linux-x86_64-fedora-gcc | 0.1.5 | 28.16 | NOTE | |||
r-prerel-macos-arm64 | 0.1.5 | 15.00 | NOTE | |||
r-prerel-windows-x86_64 | 0.1.5 | 4.00 | 38.00 | 42.00 | NOTE | |
r-patched-linux-x86_64 | 0.1.5 | 2.26 | 20.84 | 23.10 | NOTE | |
r-release-linux-x86_64 | 0.1.5 | 2.09 | 20.87 | 22.96 | OK | |
r-release-macos-arm64 | 0.1.5 | 15.00 | OK | |||
r-release-macos-x86_64 | 0.1.5 | 18.00 | OK | |||
r-release-windows-x86_64 | 0.1.5 | 3.00 | 38.00 | 41.00 | OK | |
r-oldrel-macos-arm64 | 0.1.5 | 15.00 | OK | |||
r-oldrel-windows-x86_64 | 0.1.5 | 4.00 | 44.00 | 48.00 | OK |
Version: 0.1.5
Check: Rd files
Result: NOTE
checkRd: (-1) create_terminal_dir.Rd:11: Lost braces; missing escapes or markup?
11 | the following child folders: {repo_base}/bin/ and {repo_base}/src/. A
| ^
checkRd: (-1) create_terminal_dir.Rd:11: Lost braces; missing escapes or markup?
11 | the following child folders: {repo_base}/bin/ and {repo_base}/src/. A
| ^
checkRd: (-1) full_repo_dir.Rd:11: Lost braces; missing escapes or markup?
11 | the following child folders: {repo_base}/bin/ and {repo_base}/src/. A
| ^
checkRd: (-1) full_repo_dir.Rd:11: Lost braces; missing escapes or markup?
11 | the following child folders: {repo_base}/bin/ and {repo_base}/src/. A
| ^
Flavors: r-devel-linux-x86_64-debian-clang, r-devel-linux-x86_64-debian-gcc, r-devel-linux-x86_64-fedora-clang, r-devel-linux-x86_64-fedora-gcc, r-prerel-macos-arm64, r-prerel-windows-x86_64, r-patched-linux-x86_64