Last updated on 2024-04-23 10:54:08 CEST.
Flavor | Version | Tinstall | Tcheck | Ttotal | Status | Flags |
---|---|---|---|---|---|---|
r-devel-linux-x86_64-debian-clang | 1.0.3 | 356.12 | 119.00 | 475.12 | OK | |
r-devel-linux-x86_64-debian-gcc | 1.0.3 | 269.01 | 87.14 | 356.15 | OK | |
r-devel-linux-x86_64-fedora-clang | 1.0.3 | 711.79 | OK | |||
r-devel-linux-x86_64-fedora-gcc | 1.0.3 | 707.54 | OK | |||
r-prerel-macos-arm64 | 1.0.3 | 121.00 | NOTE | |||
r-prerel-windows-x86_64 | 1.0.3 | 274.00 | 132.00 | 406.00 | OK | |
r-patched-linux-x86_64 | 1.0.3 | 350.77 | 110.56 | 461.33 | OK | |
r-release-linux-x86_64 | 1.0.3 | 253.21 | 108.88 | 362.09 | OK | |
r-release-macos-arm64 | 1.0.3 | 136.00 | NOTE | |||
r-release-macos-x86_64 | 1.0.3 | 189.00 | NOTE | |||
r-release-windows-x86_64 | 1.0.3 | 332.00 | 166.00 | 498.00 | OK | |
r-oldrel-macos-arm64 | 1.0.3 | 143.00 | NOTE | |||
r-oldrel-windows-x86_64 | 1.0.3 | 310.00 | 151.00 | 461.00 | OK |
Version: 1.0.3
Check: installed package size
Result: NOTE
installed size is 10.5Mb
sub-directories of 1Mb or more:
libs 9.5Mb
Flavors: r-prerel-macos-arm64, r-release-macos-arm64, r-release-macos-x86_64, r-oldrel-macos-arm64