CRAN Package Check Results for Package magrittr

Last updated on 2021-09-19 09:50:24 CEST.

Flavor Version Tinstall Tcheck Ttotal Status Flags
r-devel-linux-x86_64-debian-clang 2.0.1 2.07 28.24 30.31 OK
r-devel-linux-x86_64-debian-gcc 2.0.1 1.60 22.41 24.01 OK
r-devel-linux-x86_64-fedora-clang 2.0.1 46.89 OK
r-devel-linux-x86_64-fedora-gcc 2.0.1 36.62 OK
r-devel-windows-x86_64 2.0.1 14.00 51.00 65.00 OK
r-devel-windows-x86_64-gcc10-UCRT 2.0.1 ERROR
r-patched-linux-x86_64 2.0.1 2.08 28.20 30.28 OK
r-patched-solaris-x86 2.0.1 57.80 OK
r-release-linux-x86_64 2.0.1 1.99 27.89 29.88 OK
r-release-macos-arm64 2.0.1 OK
r-release-macos-x86_64 2.0.1 OK
r-release-windows-ix86+x86_64 2.0.1 11.00 43.00 54.00 OK
r-oldrel-macos-x86_64 2.0.1 OK
r-oldrel-windows-ix86+x86_64 2.0.1 10.00 42.00 52.00 OK

Check Details

Version: 2.0.1
Check: whether package can be installed
Result: ERROR
    Installation failed.
Flavor: r-devel-windows-x86_64-gcc10-UCRT