CRAN Package Check Results for Package magick

Last updated on 2021-09-19 09:50:24 CEST.

Flavor Version Tinstall Tcheck Ttotal Status Flags
r-devel-linux-x86_64-debian-clang 2.7.3 160.18 241.80 401.98 OK
r-devel-linux-x86_64-debian-gcc 2.7.3 99.90 165.78 265.68 OK
r-devel-linux-x86_64-fedora-clang 2.7.3 555.34 NOTE
r-devel-linux-x86_64-fedora-gcc 2.7.3 447.05 OK
r-devel-windows-x86_64 2.7.3 175.00 280.00 455.00 NOTE
r-devel-windows-x86_64-gcc10-UCRT 2.7.3 ERROR
r-patched-linux-x86_64 2.7.3 123.55 190.87 314.42 OK
r-patched-solaris-x86 2.7.3 294.00 WARN
r-release-linux-x86_64 2.7.3 124.41 194.55 318.96 OK
r-release-macos-arm64 2.7.3 NOTE
r-release-macos-x86_64 2.7.3 NOTE
r-release-windows-ix86+x86_64 2.7.3 396.00 366.00 762.00 NOTE
r-oldrel-macos-x86_64 2.7.3 NOTE
r-oldrel-windows-ix86+x86_64 2.7.3 385.00 358.00 743.00 NOTE

Check Details

Version: 2.7.3
Check: installed package size
Result: NOTE
     installed size is 12.9Mb
     sub-directories of 1Mb or more:
     doc 6.6Mb
     libs 5.9Mb
Flavors: r-devel-linux-x86_64-fedora-clang, r-devel-windows-x86_64, r-patched-solaris-x86, r-release-macos-arm64, r-release-macos-x86_64, r-release-windows-ix86+x86_64, r-oldrel-macos-x86_64, r-oldrel-windows-ix86+x86_64

Version: 2.7.3
Check: package dependencies
Result: NOTE
    Package suggested but not available for checking: 'tesseract'
Flavor: r-devel-windows-x86_64-gcc10-UCRT

Version: 2.7.3
Check: whether package can be installed
Result: ERROR
    Installation failed.
Flavor: r-devel-windows-x86_64-gcc10-UCRT

Version: 2.7.3
Check: package dependencies
Result: NOTE
    Packages suggested but not available for checking:
     'av', 'rsvg', 'tesseract', 'gifski'
Flavor: r-patched-solaris-x86

Version: 2.7.3
Check: re-building of vignette outputs
Result: WARN
    Error(s) in re-building vignettes:
     ...
    --- re-building ‘intro.Rmd’ using rmarkdown
    Warning in engine$weave(file, quiet = quiet, encoding = enc) :
     Pandoc (>= 1.12.3) not available. Falling back to R Markdown v1.
    Quitting from lines 227-236 (intro.Rmd)
    Error: processing vignette 'intro.Rmd' failed with diagnostics:
    R: non-conforming drawing primitive definition `text' @ error/draw.c/RenderMVGContent/4372
    --- failed re-building ‘intro.Rmd’
    
    SUMMARY: processing the following file failed:
     ‘intro.Rmd’
    
    Error: Vignette re-building failed.
    Execution halted
Flavor: r-patched-solaris-x86