Last updated on 2024-04-17 08:57:36 CEST.
Flavor | Version | Tinstall | Tcheck | Ttotal | Status | Flags |
---|---|---|---|---|---|---|
r-devel-linux-x86_64-debian-clang | 1.1.0 | 9.10 | 190.99 | 200.09 | NOTE | |
r-devel-linux-x86_64-debian-gcc | 1.1.0 | 8.77 | 143.75 | 152.52 | NOTE | |
r-devel-linux-x86_64-fedora-clang | 1.1.0 | 247.62 | NOTE | |||
r-devel-linux-x86_64-fedora-gcc | 1.1.0 | 257.82 | NOTE | |||
r-prerel-macos-arm64 | 1.1.0 | 71.00 | NOTE | |||
r-prerel-windows-x86_64 | 1.1.0 | 12.00 | 158.00 | 170.00 | NOTE | |
r-patched-linux-x86_64 | 1.1.0 | 17.72 | 169.56 | 187.28 | NOTE | |
r-release-linux-x86_64 | 1.1.0 | 8.37 | 174.89 | 183.26 | OK | |
r-release-macos-arm64 | 1.1.0 | 73.00 | OK | |||
r-release-macos-x86_64 | 1.1.0 | 98.00 | OK | |||
r-release-windows-x86_64 | 1.1.0 | 15.00 | 197.00 | 212.00 | OK | |
r-oldrel-macos-arm64 | 1.1.0 | 76.00 | OK | |||
r-oldrel-windows-x86_64 | 1.1.0 | 17.00 | 193.00 | 210.00 | OK |
Version: 1.1.0
Check: Rd files
Result: NOTE
checkRd: (-1) examinee-class.Rd:61: Lost braces; missing escapes or markup?
61 | \item{\code{routing_based_on}}{a vector containing the routing was based on \code{estimated_theta_by_phase} or {estimated_theta_by_test} at each module position.}
| ^
Flavors: r-devel-linux-x86_64-debian-clang, r-devel-linux-x86_64-debian-gcc, r-devel-linux-x86_64-fedora-clang, r-devel-linux-x86_64-fedora-gcc, r-prerel-macos-arm64, r-prerel-windows-x86_64, r-patched-linux-x86_64