CRAN Package Check Results for Package mSTEM

Last updated on 2021-10-21 09:54:58 CEST.

Flavor Version Tinstall Tcheck Ttotal Status Flags
r-devel-linux-x86_64-debian-clang 1.0-1 2.46 22.19 24.65 NOTE
r-devel-linux-x86_64-debian-gcc 1.0-1 2.03 17.57 19.60 NOTE
r-devel-linux-x86_64-fedora-clang 1.0-1 41.12 NOTE
r-devel-linux-x86_64-fedora-gcc 1.0-1 30.30 NOTE
r-devel-windows-x86_64 1.0-1 4.00 40.00 44.00 NOTE
r-devel-windows-x86_64-gcc10-UCRT 1.0-1 NOTE
r-patched-linux-x86_64 1.0-1 2.21 21.86 24.07 NOTE
r-patched-solaris-x86 1.0-1 50.20 NOTE
r-release-linux-x86_64 1.0-1 2.45 21.77 24.22 NOTE
r-release-macos-arm64 1.0-1 NOTE
r-release-macos-x86_64 1.0-1 NOTE
r-release-windows-ix86+x86_64 1.0-1 4.00 40.00 44.00 NOTE
r-oldrel-macos-x86_64 1.0-1 OK
r-oldrel-windows-ix86+x86_64 1.0-1 6.00 39.00 45.00 OK

Check Details

Version: 1.0-1
Check: LazyData
Result: NOTE
     'LazyData' is specified without a 'data' directory
Flavors: r-devel-linux-x86_64-debian-clang, r-devel-linux-x86_64-debian-gcc, r-devel-linux-x86_64-fedora-clang, r-devel-linux-x86_64-fedora-gcc, r-devel-windows-x86_64, r-devel-windows-x86_64-gcc10-UCRT, r-patched-linux-x86_64, r-patched-solaris-x86, r-release-linux-x86_64, r-release-macos-arm64, r-release-macos-x86_64, r-release-windows-ix86+x86_64