Last updated on 2025-10-08 10:49:43 CEST.
Flavor | Version | Tinstall | Tcheck | Ttotal | Status | Flags |
---|---|---|---|---|---|---|
r-devel-linux-x86_64-debian-clang | 0.0.4 | 2.31 | 29.28 | 31.59 | ERROR | |
r-devel-linux-x86_64-debian-gcc | 0.0.4 | 1.81 | 22.97 | 24.78 | ERROR | |
r-devel-linux-x86_64-fedora-clang | 0.0.4 | 45.70 | ERROR | |||
r-devel-linux-x86_64-fedora-gcc | 0.0.4 | 57.72 | ERROR | |||
r-devel-windows-x86_64 | 0.0.4 | 5.00 | 115.00 | 120.00 | ERROR | |
r-patched-linux-x86_64 | 0.0.4 | 2.31 | 27.06 | 29.37 | ERROR | |
r-release-linux-x86_64 | 0.0.4 | 2.07 | 27.09 | 29.16 | ERROR | |
r-release-macos-arm64 | 0.0.4 | 192.00 | OK | |||
r-release-macos-x86_64 | 0.0.4 | 184.00 | OK | |||
r-release-windows-x86_64 | 0.0.4 | 4.00 | 106.00 | 110.00 | ERROR | |
r-oldrel-macos-arm64 | 0.0.4 | 239.00 | OK | |||
r-oldrel-macos-x86_64 | 0.0.4 | 254.00 | OK | |||
r-oldrel-windows-x86_64 | 0.0.4 | 4.00 | 114.00 | 118.00 | ERROR |
Version: 0.0.4
Check: dependencies in R code
Result: WARN
Missing or unexported object: ‘table1::render.strat.default’
Flavors: r-devel-linux-x86_64-debian-clang, r-devel-linux-x86_64-debian-gcc, r-devel-linux-x86_64-fedora-clang, r-devel-linux-x86_64-fedora-gcc, r-devel-windows-x86_64, r-patched-linux-x86_64, r-release-linux-x86_64, r-release-windows-x86_64, r-oldrel-windows-x86_64
Version: 0.0.4
Check: tests
Result: ERROR
Running ‘testthat.R’ [3s/54s]
Running the tests in ‘tests/testthat.R’ failed.
Complete output:
> # This file is part of the standard setup for testthat.
> # It is recommended that you do not modify it.
> #
> # Where should you do additional test configuration?
> # Learn more about the roles of various files in:
> # * https://r-pkgs.org/testing-design.html#sec-tests-files-overview
> # * https://testthat.r-lib.org/articles/special-files.html
>
> library(testthat)
> library(lulab.utils)
>
> test_check("lulab.utils")
This function is intended to check wget on Windows.
Please install wget manually on your system.
Testing the download speed of CRAN mirrors...
You can use the following command to set the fastest CRAN mirror:
options(repos = c(CRAN = 'https://mirror-hk.koddos.net/CRAN/'))
This function is intended to check wget on Windows.
Please install wget manually on your system.
But we will use the default download method.
This function is intended to check wget on Windows.
Please install wget manually on your system.
[ FAIL 1 | WARN 0 | SKIP 0 | PASS 8 ]
══ Failed tests ════════════════════════════════════════════════════════════════
── Error ('test-Table1.R:12:3'): making Table1 in SCI papers works ─────────────
<getvarError/missingArgError/error/condition>
Error in `render.strat(x, ..., transpose = transpose)`: argument "n" is missing, with no default
Backtrace:
▆
1. └─lulab.utils::Table1(...) at test-Table1.R:12:3
2. ├─table1::table1(...)
3. └─table1:::table1.formula(...)
4. └─table1:::table1.default(...)
5. └─table1:::.table1.internal(...)
6. └─lulab.utils (local) render.strat(x, ..., transpose = transpose)
7. └─base::ifelse(...)
[ FAIL 1 | WARN 0 | SKIP 0 | PASS 8 ]
Error: Test failures
Execution halted
Flavor: r-devel-linux-x86_64-debian-clang
Version: 0.0.4
Check: tests
Result: ERROR
Running ‘testthat.R’ [2s/61s]
Running the tests in ‘tests/testthat.R’ failed.
Complete output:
> # This file is part of the standard setup for testthat.
> # It is recommended that you do not modify it.
> #
> # Where should you do additional test configuration?
> # Learn more about the roles of various files in:
> # * https://r-pkgs.org/testing-design.html#sec-tests-files-overview
> # * https://testthat.r-lib.org/articles/special-files.html
>
> library(testthat)
> library(lulab.utils)
>
> test_check("lulab.utils")
This function is intended to check wget on Windows.
Please install wget manually on your system.
Testing the download speed of CRAN mirrors...
You can use the following command to set the fastest CRAN mirror:
options(repos = c(CRAN = 'https://mirrors.bfsu.edu.cn/CRAN/'))
This function is intended to check wget on Windows.
Please install wget manually on your system.
But we will use the default download method.
This function is intended to check wget on Windows.
Please install wget manually on your system.
[ FAIL 1 | WARN 0 | SKIP 0 | PASS 8 ]
══ Failed tests ════════════════════════════════════════════════════════════════
── Error ('test-Table1.R:12:3'): making Table1 in SCI papers works ─────────────
<getvarError/missingArgError/error/condition>
Error in `render.strat(x, ..., transpose = transpose)`: argument "n" is missing, with no default
Backtrace:
▆
1. └─lulab.utils::Table1(...) at test-Table1.R:12:3
2. ├─table1::table1(...)
3. └─table1:::table1.formula(...)
4. └─table1:::table1.default(...)
5. └─table1:::.table1.internal(...)
6. └─lulab.utils (local) render.strat(x, ..., transpose = transpose)
7. └─base::ifelse(...)
[ FAIL 1 | WARN 0 | SKIP 0 | PASS 8 ]
Error: Test failures
Execution halted
Flavor: r-devel-linux-x86_64-debian-gcc
Version: 0.0.4
Check: tests
Result: ERROR
Running ‘testthat.R’ [3s/118s]
Running the tests in ‘tests/testthat.R’ failed.
Complete output:
> # This file is part of the standard setup for testthat.
> # It is recommended that you do not modify it.
> #
> # Where should you do additional test configuration?
> # Learn more about the roles of various files in:
> # * https://r-pkgs.org/testing-design.html#sec-tests-files-overview
> # * https://testthat.r-lib.org/articles/special-files.html
>
> library(testthat)
> library(lulab.utils)
>
> test_check("lulab.utils")
This function is intended to check wget on Windows.
Please install wget manually on your system.
Testing the download speed of CRAN mirrors...
You can use the following command to set the fastest CRAN mirror:
options(repos = c(CRAN = 'https://mirrors.qlu.edu.cn/CRAN/'))
This function is intended to check wget on Windows.
Please install wget manually on your system.
But we will use the default download method.
This function is intended to check wget on Windows.
Please install wget manually on your system.
[ FAIL 1 | WARN 0 | SKIP 0 | PASS 8 ]
══ Failed tests ════════════════════════════════════════════════════════════════
── Error ('test-Table1.R:12:3'): making Table1 in SCI papers works ─────────────
<getvarError/missingArgError/error/condition>
Error in `render.strat(x, ..., transpose = transpose)`: argument "n" is missing, with no default
Backtrace:
▆
1. └─lulab.utils::Table1(...) at test-Table1.R:12:3
2. ├─table1::table1(...)
3. └─table1:::table1.formula(...)
4. └─table1:::table1.default(...)
5. └─table1:::.table1.internal(...)
6. └─lulab.utils (local) render.strat(x, ..., transpose = transpose)
7. └─base::ifelse(...)
[ FAIL 1 | WARN 0 | SKIP 0 | PASS 8 ]
Error: Test failures
Execution halted
Flavor: r-devel-linux-x86_64-fedora-clang
Version: 0.0.4
Check: tests
Result: ERROR
Running ‘testthat.R’ [3s/59s]
Running the tests in ‘tests/testthat.R’ failed.
Complete output:
> # This file is part of the standard setup for testthat.
> # It is recommended that you do not modify it.
> #
> # Where should you do additional test configuration?
> # Learn more about the roles of various files in:
> # * https://r-pkgs.org/testing-design.html#sec-tests-files-overview
> # * https://testthat.r-lib.org/articles/special-files.html
>
> library(testthat)
> library(lulab.utils)
>
> test_check("lulab.utils")
This function is intended to check wget on Windows.
Please install wget manually on your system.
Testing the download speed of CRAN mirrors...
You can use the following command to set the fastest CRAN mirror:
options(repos = c(CRAN = 'https://mirrors.qlu.edu.cn/CRAN/'))
This function is intended to check wget on Windows.
Please install wget manually on your system.
But we will use the default download method.
This function is intended to check wget on Windows.
Please install wget manually on your system.
[ FAIL 1 | WARN 0 | SKIP 0 | PASS 8 ]
══ Failed tests ════════════════════════════════════════════════════════════════
── Error ('test-Table1.R:12:3'): making Table1 in SCI papers works ─────────────
<getvarError/missingArgError/error/condition>
Error in `render.strat(x, ..., transpose = transpose)`: argument "n" is missing, with no default
Backtrace:
▆
1. └─lulab.utils::Table1(...) at test-Table1.R:12:3
2. ├─table1::table1(...)
3. └─table1:::table1.formula(...)
4. └─table1:::table1.default(...)
5. └─table1:::.table1.internal(...)
6. └─lulab.utils (local) render.strat(x, ..., transpose = transpose)
7. └─base::ifelse(...)
[ FAIL 1 | WARN 0 | SKIP 0 | PASS 8 ]
Error: Test failures
Execution halted
Flavor: r-devel-linux-x86_64-fedora-gcc
Version: 0.0.4
Check: tests
Result: ERROR
Running 'testthat.R' [68s]
Running the tests in 'tests/testthat.R' failed.
Complete output:
> # This file is part of the standard setup for testthat.
> # It is recommended that you do not modify it.
> #
> # Where should you do additional test configuration?
> # Learn more about the roles of various files in:
> # * https://r-pkgs.org/testing-design.html#sec-tests-files-overview
> # * https://testthat.r-lib.org/articles/special-files.html
>
> library(testthat)
> library(lulab.utils)
>
> test_check("lulab.utils")
wget is already installed on your system.
Testing the download speed of CRAN mirrors...
You can use the following command to set the fastest CRAN mirror:
options(repos = c(CRAN = 'https://mirrors.qlu.edu.cn/CRAN/'))
wget is already installed on your system.
But we will use the default download method.
wget is already installed on your system.
And we will use wget to download files.
--2025-09-25 12:15:46-- https://eternallybored.org/misc/wget/1.21.4/64/wget.exe
Loaded CA certificate '/usr/ssl/certs/ca-bundle.crt'
Resolving eternallybored.org (eternallybored.org)... 84.255.206.8, 2a01:260:4094:1:42:42:42:42
Connecting to eternallybored.org (eternallybored.org)|84.255.206.8|:443... connected.
HTTP request sent, awaiting response... 200 OK
Length: 7046072 (6.7M) [application/octet-stream]
Saving to: 'D:\\temp\\2025_09_25_01_50_00_17305\\RtmpQJAFKf\\file52742c202988'
0K .......... .......... .......... .......... .......... 0% 957K 7s
50K .......... .......... .......... .......... .......... 1% 1.89M 5s
100K .......... .......... .......... .......... .......... 2% 21.0M 4s
150K .......... .......... .......... .......... .......... 2% 31.5M 3s
200K .......... .......... .......... .......... .......... 3% 1.98M 3s
250K .......... .......... .......... .......... .......... 4% 23.8M 2s
300K .......... .......... .......... .......... .......... 5% 30.3M 2s
350K .......... .......... .......... .......... .......... 5% 26.3M 2s
400K .......... .......... .......... .......... .......... 6% 2.43M 2s
450K .......... .......... .......... .......... .......... 7% 29.8M 2s
500K .......... .......... .......... .......... .......... 7% 41.2M 2s
550K .......... .......... .......... .......... .......... 8% 36.4M 1s
600K .......... .......... .......... .......... .......... 9% 34.4M 1s
650K .......... .......... .......... .......... .......... 10% 42.8M 1s
700K .......... .......... .......... .......... .......... 10% 35.7M 1s
750K .......... .......... .......... .......... .......... 11% 36.2M 1s
800K .......... .......... .......... .......... .......... 12% 43.2M 1s
850K .......... .......... .......... .......... .......... 13% 3.06M 1s
900K .......... .......... .......... .......... .......... 13% 17.0M 1s
950K .......... .......... .......... .......... .......... 14% 26.6M 1s
1000K .......... .......... .......... .......... .......... 15% 29.4M 1s
1050K .......... .......... .......... .......... .......... 15% 26.7M 1s
1100K .......... .......... .......... .......... .......... 16% 25.2M 1s
1150K .......... .......... .......... .......... .......... 17% 32.6M 1s
1200K .......... .......... .......... .......... .......... 18% 23.1M 1s
1250K .......... .......... .......... .......... .......... 18% 31.1M 1s
1300K .......... .......... .......... .......... .......... 19% 32.4M 1s
1350K .......... .......... .......... .......... .......... 20% 6.17M 1s
1400K .......... .......... .......... .......... .......... 21% 13.6M 1s
1450K .......... .......... .......... .......... .......... 21% 35.4M 1s
1500K .......... .......... .......... .......... .......... 22% 34.2M 1s
1550K .......... .......... .......... .......... .......... 23% 38.2M 1s
1600K .......... .......... .......... .......... .......... 23% 34.4M 1s
1650K .......... .......... .......... .......... .......... 24% 36.9M 1s
1700K .......... .......... .......... .......... .......... 25% 27.1M 1s
1750K .......... .......... .......... .......... .......... 26% 31.9M 1s
1800K .......... .......... .......... .......... .......... 26% 28.8M 1s
1850K .......... .......... .......... .......... .......... 27% 22.1M 1s
1900K .......... .......... .......... .......... .......... 28% 31.8M 1s
1950K .......... .......... .......... .......... .......... 29% 26.8M 0s
2000K .......... .......... .......... .......... .......... 29% 32.2M 0s
2050K .......... .......... .......... .......... .......... 30% 23.5M 0s
2100K .......... .......... .......... .......... .......... 31% 27.3M 0s
2150K .......... .......... .......... .......... .......... 31% 31.0M 0s
2200K .......... .......... .......... .......... .......... 32% 33.0M 0s
2250K .......... .......... .......... .......... .......... 33% 35.5M 0s
2300K .......... .......... .......... .......... .......... 34% 36.7M 0s
2350K .......... .......... .......... .......... .......... 34% 27.9M 0s
2400K .......... .......... .......... .......... .......... 35% 34.7M 0s
2450K .......... .......... .......... .......... .......... 36% 30.6M 0s
2500K .......... .......... .......... .......... .......... 37% 30.0M 0s
2550K .......... .......... .......... .......... .......... 37% 35.3M 0s
2600K .......... .......... .......... .......... .......... 38% 30.2M 0s
2650K .......... .......... .......... .......... .......... 39% 33.6M 0s
2700K .......... .......... .......... .......... .......... 39% 34.1M 0s
2750K .......... .......... .......... .......... .......... 40% 38.4M 0s
2800K .......... .......... .......... .......... .......... 41% 30.1M 0s
2850K .......... .......... .......... .......... .......... 42% 31.1M 0s
2900K .......... .......... .......... .......... .......... 42% 39.2M 0s
2950K .......... .......... .......... .......... .......... 43% 32.5M 0s
3000K .......... .......... .......... .......... .......... 44% 29.6M 0s
3050K .......... .......... .......... .......... .......... 45% 35.1M 0s
3100K .......... .......... .......... .......... .......... 45% 25.6M 0s
3150K .......... .......... .......... .......... .......... 46% 28.6M 0s
3200K .......... .......... .......... .......... .......... 47% 32.2M 0s
3250K .......... .......... .......... .......... .......... 47% 48.8M 0s
3300K .......... .......... .......... .......... .......... 48% 39.5M 0s
3350K .......... .......... .......... .......... .......... 49% 31.5M 0s
3400K .......... .......... .......... .......... .......... 50% 32.0M 0s
3450K .......... .......... .......... .......... .......... 50% 37.5M 0s
3500K .......... .......... .......... .......... .......... 51% 31.6M 0s
3550K .......... .......... .......... .......... .......... 52% 35.3M 0s
3600K .......... .......... .......... .......... .......... 53% 33.0M 0s
3650K .......... .......... .......... .......... .......... 53% 38.9M 0s
3700K .......... .......... .......... .......... .......... 54% 28.8M 0s
3750K .......... .......... .......... .......... .......... 55% 37.0M 0s
3800K .......... .......... .......... .......... .......... 55% 34.6M 0s
3850K .......... .......... .......... .......... .......... 56% 21.5M 0s
3900K .......... .......... .......... .......... .......... 57% 9.57M 0s
3950K .......... .......... .......... .......... .......... 58% 50.0M 0s
4000K .......... .......... .......... .......... .......... 58% 39.0M 0s
4050K .......... .......... .......... .......... .......... 59% 30.6M 0s
4100K .......... .......... .......... .......... .......... 60% 35.8M 0s
4150K .......... .......... .......... .......... .......... 61% 37.5M 0s
4200K .......... .......... .......... .......... .......... 61% 24.3M 0s
4250K .......... .......... .......... .......... .......... 62% 36.4M 0s
4300K .......... .......... .......... .......... .......... 63% 41.6M 0s
4350K .......... .......... .......... .......... .......... 63% 37.9M 0s
4400K .......... .......... .......... .......... .......... 64% 39.2M 0s
4450K .......... .......... .......... .......... .......... 65% 48.9M 0s
4500K .......... .......... .......... .......... .......... 66% 59.7M 0s
4550K .......... .......... .......... .......... .......... 66% 61.9M 0s
4600K .......... .......... .......... .......... .......... 67% 48.3M 0s
4650K .......... .......... .......... .......... .......... 68% 52.9M 0s
4700K .......... .......... .......... .......... .......... 69% 56.6M 0s
4750K .......... .......... .......... .......... .......... 69% 64.3M 0s
4800K .......... .......... .......... .......... .......... 70% 52.1M 0s
4850K .......... .......... .......... .......... .......... 71% 42.1M 0s
4900K .......... .......... .......... .......... .......... 71% 65.0M 0s
4950K .......... .......... .......... .......... .......... 72% 54.4M 0s
5000K .......... .......... .......... .......... .......... 73% 50.5M 0s
5050K .......... .......... .......... .......... .......... 74% 68.0M 0s
5100K .......... .......... .......... .......... .......... 74% 54.8M 0s
5150K .......... .......... .......... .......... .......... 75% 58.6M 0s
5200K .......... .......... .......... .......... .......... 76% 45.5M 0s
5250K .......... .......... .......... .......... .......... 77% 68.0M 0s
5300K .......... .......... .......... .......... .......... 77% 65.9M 0s
5350K .......... .......... .......... .......... .......... 78% 36.7M 0s
5400K .......... .......... .......... .......... .......... 79% 48.2M 0s
5450K .......... .......... .......... .......... .......... 79% 45.0M 0s
5500K .......... .......... .......... .......... .......... 80% 65.0M 0s
5550K .......... .......... .......... .......... .......... 81% 43.4M 0s
5600K .......... .......... .......... .......... .......... 82% 45.1M 0s
5650K .......... .......... .......... .......... .......... 82% 53.8M 0s
5700K .......... .......... .......... .......... .......... 83% 46.7M 0s
5750K .......... .......... .......... .......... .......... 84% 55.7M 0s
5800K .......... .......... .......... .......... .......... 85% 67.6M 0s
5850K .......... .......... .......... .......... .......... 85% 48.5M 0s
5900K .......... .......... .......... .......... .......... 86% 48.2M 0s
5950K .......... .......... .......... .......... .......... 87% 53.3M 0s
6000K .......... .......... .......... .......... .......... 87% 66.8M 0s
6050K .......... .......... .......... .......... .......... 88% 58.1M 0s
6100K .......... .......... .......... .......... .......... 89% 42.4M 0s
6150K .......... .......... .......... .......... .......... 90% 68.4M 0s
6200K .......... .......... .......... .......... .......... 90% 58.7M 0s
6250K .......... .......... .......... .......... .......... 91% 56.9M 0s
6300K .......... .......... .......... .......... .......... 92% 56.6M 0s
6350K .......... .......... .......... .......... .......... 93% 58.5M 0s
6400K .......... .......... .......... .......... .......... 93% 68.5M 0s
6450K .......... .......... .......... .......... .......... 94% 38.9M 0s
6500K .......... .......... .......... .......... .......... 95% 68.2M 0s
6550K .......... .......... .......... .......... .......... 95% 68.7M 0s
6600K .......... .......... .......... .......... .......... 96% 50.5M 0s
6650K .......... .......... .......... .......... .......... 97% 37.4M 0s
6700K .......... .......... .......... .......... .......... 98% 53.3M 0s
6750K .......... .......... .......... .......... .......... 98% 46.7M 0s
6800K .......... .......... .......... .......... .......... 99% 45.6M 0s
6850K .......... .......... .......... 100% 35.0M=0.3s
2025-09-25 12:15:48 (20.6 MB/s) - 'D:\\temp\\2025_09_25_01_50_00_17305\\RtmpQJAFKf\\file52742c202988' saved [7046072/7046072]
[ FAIL 1 | WARN 0 | SKIP 0 | PASS 11 ]
══ Failed tests ════════════════════════════════════════════════════════════════
── Error ('test-Table1.R:12:3'): making Table1 in SCI papers works ─────────────
<getvarError/missingArgError/error/condition>
Error in `render.strat(x, ..., transpose = transpose)`: argument "n" is missing, with no default
Backtrace:
▆
1. └─lulab.utils::Table1(...) at test-Table1.R:12:3
2. ├─table1::table1(...)
3. └─table1:::table1.formula(...)
4. └─table1:::table1.default(...)
5. └─table1:::.table1.internal(...)
6. └─lulab.utils (local) render.strat(x, ..., transpose = transpose)
7. └─base::ifelse(...)
[ FAIL 1 | WARN 0 | SKIP 0 | PASS 11 ]
Error: Test failures
Execution halted
Flavor: r-devel-windows-x86_64
Version: 0.0.4
Check: tests
Result: ERROR
Running ‘testthat.R’ [3s/80s]
Running the tests in ‘tests/testthat.R’ failed.
Complete output:
> # This file is part of the standard setup for testthat.
> # It is recommended that you do not modify it.
> #
> # Where should you do additional test configuration?
> # Learn more about the roles of various files in:
> # * https://r-pkgs.org/testing-design.html#sec-tests-files-overview
> # * https://testthat.r-lib.org/articles/special-files.html
>
> library(testthat)
> library(lulab.utils)
>
> test_check("lulab.utils")
This function is intended to check wget on Windows.
Please install wget manually on your system.
Testing the download speed of CRAN mirrors...
You can use the following command to set the fastest CRAN mirror:
options(repos = c(CRAN = 'https://mirrors.qlu.edu.cn/CRAN/'))
This function is intended to check wget on Windows.
Please install wget manually on your system.
But we will use the default download method.
This function is intended to check wget on Windows.
Please install wget manually on your system.
[ FAIL 1 | WARN 0 | SKIP 0 | PASS 8 ]
══ Failed tests ════════════════════════════════════════════════════════════════
── Error ('test-Table1.R:12:3'): making Table1 in SCI papers works ─────────────
<getvarError/missingArgError/error/condition>
Error in `render.strat(x, ..., transpose = transpose)`: argument "n" is missing, with no default
Backtrace:
▆
1. └─lulab.utils::Table1(...) at test-Table1.R:12:3
2. ├─table1::table1(...)
3. └─table1:::table1.formula(...)
4. └─table1:::table1.default(...)
5. └─table1:::.table1.internal(...)
6. └─lulab.utils (local) render.strat(x, ..., transpose = transpose)
7. └─base::ifelse(...)
[ FAIL 1 | WARN 0 | SKIP 0 | PASS 8 ]
Error: Test failures
Execution halted
Flavors: r-patched-linux-x86_64, r-release-linux-x86_64
Version: 0.0.4
Check: tests
Result: ERROR
Running 'testthat.R' [60s]
Running the tests in 'tests/testthat.R' failed.
Complete output:
> # This file is part of the standard setup for testthat.
> # It is recommended that you do not modify it.
> #
> # Where should you do additional test configuration?
> # Learn more about the roles of various files in:
> # * https://r-pkgs.org/testing-design.html#sec-tests-files-overview
> # * https://testthat.r-lib.org/articles/special-files.html
>
> library(testthat)
> library(lulab.utils)
>
> test_check("lulab.utils")
wget is already installed on your system.
Testing the download speed of CRAN mirrors...
You can use the following command to set the fastest CRAN mirror:
options(repos = c(CRAN = 'https://mirrors.qlu.edu.cn/CRAN/'))
wget is already installed on your system.
But we will use the default download method.
wget is already installed on your system.
And we will use wget to download files.
--2025-09-29 10:42:08-- https://eternallybored.org/misc/wget/1.21.4/64/wget.exe
Loaded CA certificate '/usr/ssl/certs/ca-bundle.crt'
Resolving eternallybored.org (eternallybored.org)... 84.255.206.8, 2a01:260:4094:1:42:42:42:42
Connecting to eternallybored.org (eternallybored.org)|84.255.206.8|:443... connected.
HTTP request sent, awaiting response... 200 OK
Length: 7046072 (6.7M) [application/octet-stream]
Saving to: 'D:\\temp\\2025_09_29_01_50_00_31777\\RtmpCKFFNB\\file2bfe8c462c15'
0K .......... .......... .......... .......... .......... 0% 1.06M 6s
50K .......... .......... .......... .......... .......... 1% 2.18M 5s
100K .......... .......... .......... .......... .......... 2% 19.9M 3s
150K .......... .......... .......... .......... .......... 2% 33.1M 2s
200K .......... .......... .......... .......... .......... 3% 2.24M 3s
250K .......... .......... .......... .......... .......... 4% 29.5M 2s
300K .......... .......... .......... .......... .......... 5% 34.7M 2s
350K .......... .......... .......... .......... .......... 5% 29.6M 2s
400K .......... .......... .......... .......... .......... 6% 2.73M 2s
450K .......... .......... .......... .......... .......... 7% 39.0M 2s
500K .......... .......... .......... .......... .......... 7% 41.5M 1s
550K .......... .......... .......... .......... .......... 8% 44.0M 1s
600K .......... .......... .......... .......... .......... 9% 37.6M 1s
650K .......... .......... .......... .......... .......... 10% 2.63M 1s
700K .......... .......... .......... .......... .......... 10% 22.8M 1s
750K .......... .......... .......... .......... .......... 11% 34.0M 1s
800K .......... .......... .......... .......... .......... 12% 34.7M 1s
850K .......... .......... .......... .......... .......... 13% 41.0M 1s
900K .......... .......... .......... .......... .......... 13% 2.75M 1s
950K .......... .......... .......... .......... .......... 14% 26.8M 1s
1000K .......... .......... .......... .......... .......... 15% 32.9M 1s
1050K .......... .......... .......... .......... .......... 15% 43.0M 1s
1100K .......... .......... .......... .......... .......... 16% 39.0M 1s
1150K .......... .......... .......... .......... .......... 17% 2.78M 1s
1200K .......... .......... .......... .......... .......... 18% 19.9M 1s
1250K .......... .......... .......... .......... .......... 18% 33.7M 1s
1300K .......... .......... .......... .......... .......... 19% 34.0M 1s
1350K .......... .......... .......... .......... .......... 20% 28.6M 1s
1400K .......... .......... .......... .......... .......... 21% 3.03M 1s
1450K .......... .......... .......... .......... .......... 21% 8.92M 1s
1500K .......... .......... .......... .......... .......... 22% 38.7M 1s
1550K .......... .......... .......... .......... .......... 23% 43.1M 1s
1600K .......... .......... .......... .......... .......... 23% 29.4M 1s
1650K .......... .......... .......... .......... .......... 24% 4.58M 1s
1700K .......... .......... .......... .......... .......... 25% 6.87M 1s
1750K .......... .......... .......... .......... .......... 26% 20.1M 1s
1800K .......... .......... .......... .......... .......... 26% 38.6M 1s
1850K .......... .......... .......... .......... .......... 27% 35.2M 1s
1900K .......... .......... .......... .......... .......... 28% 41.5M 1s
1950K .......... .......... .......... .......... .......... 29% 2.61M 1s
2000K .......... .......... .......... .......... .......... 29% 27.7M 1s
2050K .......... .......... .......... .......... .......... 30% 46.3M 1s
2100K .......... .......... .......... .......... .......... 31% 34.7M 1s
2150K .......... .......... .......... .......... .......... 31% 49.4M 1s
2200K .......... .......... .......... .......... .......... 32% 2.59M 1s
2250K .......... .......... .......... .......... .......... 33% 28.8M 1s
2300K .......... .......... .......... .......... .......... 34% 45.2M 1s
2350K .......... .......... .......... .......... .......... 34% 52.8M 1s
2400K .......... .......... .......... .......... .......... 35% 64.1M 1s
2450K .......... .......... .......... .......... .......... 36% 2.61M 1s
2500K .......... .......... .......... .......... .......... 37% 22.7M 1s
2550K .......... .......... .......... .......... .......... 37% 28.5M 1s
2600K .......... .......... .......... .......... .......... 38% 54.2M 1s
2650K .......... .......... .......... .......... .......... 39% 60.9M 0s
2700K .......... .......... .......... .......... .......... 39% 2.87M 0s
2750K .......... .......... .......... .......... .......... 40% 12.1M 0s
2800K .......... .......... .......... .......... .......... 41% 35.0M 0s
2850K .......... .......... .......... .......... .......... 42% 24.9M 0s
2900K .......... .......... .......... .......... .......... 42% 36.2M 0s
2950K .......... .......... .......... .......... .......... 43% 3.22M 0s
3000K .......... .......... .......... .......... .......... 44% 13.9M 0s
3050K .......... .......... .......... .......... .......... 45% 26.5M 0s
3100K .......... .......... .......... .......... .......... 45% 24.4M 0s
3150K .......... .......... .......... .......... .......... 46% 36.5M 0s
3200K .......... .......... .......... .......... .......... 47% 3.33M 0s
3250K .......... .......... .......... .......... .......... 47% 13.5M 0s
3300K .......... .......... .......... .......... .......... 48% 21.1M 0s
3350K .......... .......... .......... .......... .......... 49% 30.0M 0s
3400K .......... .......... .......... .......... .......... 50% 35.7M 0s
3450K .......... .......... .......... .......... .......... 50% 3.16M 0s
3500K .......... .......... .......... .......... .......... 51% 15.1M 0s
3550K .......... .......... .......... .......... .......... 52% 16.6M 0s
3600K .......... .......... .......... .......... .......... 53% 27.0M 0s
3650K .......... .......... .......... .......... .......... 53% 35.1M 0s
3700K .......... .......... .......... .......... .......... 54% 3.69M 0s
3750K .......... .......... .......... .......... .......... 55% 11.3M 0s
3800K .......... .......... .......... .......... .......... 55% 18.0M 0s
3850K .......... .......... .......... .......... .......... 56% 31.1M 0s
3900K .......... .......... .......... .......... .......... 57% 5.54M 0s
3950K .......... .......... .......... .......... .......... 58% 8.19M 0s
4000K .......... .......... .......... .......... .......... 58% 12.0M 0s
4050K .......... .......... .......... .......... .......... 59% 16.7M 0s
4100K .......... .......... .......... .......... .......... 60% 24.2M 0s
4150K .......... .......... .......... .......... .......... 61% 5.47M 0s
4200K .......... .......... .......... .......... .......... 61% 7.55M 0s
4250K .......... .......... .......... .......... .......... 62% 14.1M 0s
4300K .......... .......... .......... .......... .......... 63% 16.4M 0s
4350K .......... .......... .......... .......... .......... 63% 37.3M 0s
4400K .......... .......... .......... .......... .......... 64% 4.01M 0s
4450K .......... .......... .......... .......... .......... 65% 17.5M 0s
4500K .......... .......... .......... .......... .......... 66% 9.80M 0s
4550K .......... .......... .......... .......... .......... 66% 21.2M 0s
4600K .......... .......... .......... .......... .......... 67% 33.4M 0s
4650K .......... .......... .......... .......... .......... 68% 3.98M 0s
4700K .......... .......... .......... .......... .......... 69% 18.4M 0s
4750K .......... .......... .......... .......... .......... 69% 9.83M 0s
4800K .......... .......... .......... .......... .......... 70% 20.3M 0s
4850K .......... .......... .......... .......... .......... 71% 24.9M 0s
4900K .......... .......... .......... .......... .......... 71% 4.30M 0s
4950K .......... .......... .......... .......... .......... 72% 14.8M 0s
5000K .......... .......... .......... .......... .......... 73% 10.4M 0s
5050K .......... .......... .......... .......... .......... 74% 15.6M 0s
5100K .......... .......... .......... .......... .......... 74% 4.40M 0s
5150K .......... .......... .......... .......... .......... 75% 21.7M 0s
5200K .......... .......... .......... .......... .......... 76% 11.4M 0s
5250K .......... .......... .......... .......... .......... 77% 18.9M 0s
5300K .......... .......... .......... .......... .......... 77% 15.7M 0s
5350K .......... .......... .......... .......... .......... 78% 4.11M 0s
5400K .......... .......... .......... .......... .......... 79% 24.7M 0s
5450K .......... .......... .......... .......... .......... 79% 13.2M 0s
5500K .......... .......... .......... .......... .......... 80% 19.6M 0s
5550K .......... .......... .......... .......... .......... 81% 12.8M 0s
5600K .......... .......... .......... .......... .......... 82% 4.14M 0s
5650K .......... .......... .......... .......... .......... 82% 28.3M 0s
5700K .......... .......... .......... .......... .......... 83% 11.4M 0s
5750K .......... .......... .......... .......... .......... 84% 22.0M 0s
5800K .......... .......... .......... .......... .......... 85% 3.69M 0s
5850K .......... .......... .......... .......... .......... 85% 21.6M 0s
5900K .......... .......... .......... .......... .......... 86% 21.3M 0s
5950K .......... .......... .......... .......... .......... 87% 14.5M 0s
6000K .......... .......... .......... .......... .......... 87% 18.9M 0s
6050K .......... .......... .......... .......... .......... 88% 3.69M 0s
6100K .......... .......... .......... .......... .......... 89% 18.0M 0s
6150K .......... .......... .......... .......... .......... 90% 25.3M 0s
6200K .......... .......... .......... .......... .......... 90% 12.9M 0s
6250K .......... .......... .......... .......... .......... 91% 4.21M 0s
6300K .......... .......... .......... .......... .......... 92% 12.1M 0s
6350K .......... .......... .......... .......... .......... 93% 19.2M 0s
6400K .......... .......... .......... .......... .......... 93% 22.1M 0s
6450K .......... .......... .......... .......... .......... 94% 14.7M 0s
6500K .......... .......... .......... .......... .......... 95% 4.25M 0s
6550K .......... .......... .......... .......... .......... 95% 12.3M 0s
6600K .......... .......... .......... .......... .......... 96% 17.9M 0s
6650K .......... .......... .......... .......... .......... 97% 17.7M 0s
6700K .......... .......... .......... .......... .......... 98% 17.0M 0s
6750K .......... .......... .......... .......... .......... 98% 4.24M 0s
6800K .......... .......... .......... .......... .......... 99% 12.3M 0s
6850K .......... .......... .......... 100% 19.8M=0.7s
2025-09-29 10:42:10 (9.20 MB/s) - 'D:\\temp\\2025_09_29_01_50_00_31777\\RtmpCKFFNB\\file2bfe8c462c15' saved [7046072/7046072]
[ FAIL 1 | WARN 0 | SKIP 0 | PASS 11 ]
══ Failed tests ════════════════════════════════════════════════════════════════
── Error ('test-Table1.R:12:3'): making Table1 in SCI papers works ─────────────
<getvarError/missingArgError/error/condition>
Error in `render.strat(x, ..., transpose = transpose)`: argument "n" is missing, with no default
Backtrace:
▆
1. └─lulab.utils::Table1(...) at test-Table1.R:12:3
2. ├─table1::table1(...)
3. └─table1:::table1.formula(...)
4. └─table1:::table1.default(...)
5. └─table1:::.table1.internal(...)
6. └─lulab.utils (local) render.strat(x, ..., transpose = transpose)
7. └─base::ifelse(...)
[ FAIL 1 | WARN 0 | SKIP 0 | PASS 11 ]
Error: Test failures
Execution halted
Flavor: r-release-windows-x86_64
Version: 0.0.4
Check: tests
Result: ERROR
Running 'testthat.R' [61s]
Running the tests in 'tests/testthat.R' failed.
Complete output:
> # This file is part of the standard setup for testthat.
> # It is recommended that you do not modify it.
> #
> # Where should you do additional test configuration?
> # Learn more about the roles of various files in:
> # * https://r-pkgs.org/testing-design.html#sec-tests-files-overview
> # * https://testthat.r-lib.org/articles/special-files.html
>
> library(testthat)
> library(lulab.utils)
>
> test_check("lulab.utils")
wget is already installed on your system.
Testing the download speed of CRAN mirrors...
You can use the following command to set the fastest CRAN mirror:
options(repos = c(CRAN = 'https://mirrors.qlu.edu.cn/CRAN/'))
wget is already installed on your system.
But we will use the default download method.
wget is already installed on your system.
And we will use wget to download files.
--2025-10-06 13:16:42-- https://eternallybored.org/misc/wget/1.21.4/64/wget.exe
Loaded CA certificate '/usr/ssl/certs/ca-bundle.crt'
Resolving eternallybored.org (eternallybored.org)... 84.255.206.8, 2a01:260:4094:1:42:42:42:42
Connecting to eternallybored.org (eternallybored.org)|84.255.206.8|:443... connected.
HTTP request sent, awaiting response... 200 OK
Length: 7046072 (6.7M) [application/octet-stream]
Saving to: 'D:\\temp\\2025_10_06_01_50_00_7952\\RtmpAPqSgv\\file31fe879a25872'
0K .......... .......... .......... .......... .......... 0% 1.01M 7s
50K .......... .......... .......... .......... .......... 1% 2.06M 5s
100K .......... .......... .......... .......... .......... 2% 18.3M 3s
150K .......... .......... .......... .......... .......... 2% 30.1M 3s
200K .......... .......... .......... .......... .......... 3% 2.26M 3s
250K .......... .......... .......... .......... .......... 4% 26.6M 2s
300K .......... .......... .......... .......... .......... 5% 25.6M 2s
350K .......... .......... .......... .......... .......... 5% 28.4M 2s
400K .......... .......... .......... .......... .......... 6% 2.72M 2s
450K .......... .......... .......... .......... .......... 7% 26.3M 2s
500K .......... .......... .......... .......... .......... 7% 28.4M 1s
550K .......... .......... .......... .......... .......... 8% 24.2M 1s
600K .......... .......... .......... .......... .......... 9% 25.1M 1s
650K .......... .......... .......... .......... .......... 10% 2.99M 1s
700K .......... .......... .......... .......... .......... 10% 16.5M 1s
750K .......... .......... .......... .......... .......... 11% 26.5M 1s
800K .......... .......... .......... .......... .......... 12% 23.3M 1s
850K .......... .......... .......... .......... .......... 13% 24.0M 1s
900K .......... .......... .......... .......... .......... 13% 3.25M 1s
950K .......... .......... .......... .......... .......... 14% 12.4M 1s
1000K .......... .......... .......... .......... .......... 15% 29.0M 1s
1050K .......... .......... .......... .......... .......... 15% 24.1M 1s
1100K .......... .......... .......... .......... .......... 16% 26.8M 1s
1150K .......... .......... .......... .......... .......... 17% 31.6M 1s
1200K .......... .......... .......... .......... .......... 18% 2.79M 1s
1250K .......... .......... .......... .......... .......... 18% 31.2M 1s
1300K .......... .......... .......... .......... .......... 19% 33.8M 1s
1350K .......... .......... .......... .......... .......... 20% 43.6M 1s
1400K .......... .......... .......... .......... .......... 21% 2.90M 1s
1450K .......... .......... .......... .......... .......... 21% 12.7M 1s
1500K .......... .......... .......... .......... .......... 22% 20.8M 1s
1550K .......... .......... .......... .......... .......... 23% 29.7M 1s
1600K .......... .......... .......... .......... .......... 23% 22.5M 1s
1650K .......... .......... .......... .......... .......... 24% 3.31M 1s
1700K .......... .......... .......... .......... .......... 25% 12.0M 1s
1750K .......... .......... .......... .......... .......... 26% 23.8M 1s
1800K .......... .......... .......... .......... .......... 26% 23.0M 1s
1850K .......... .......... .......... .......... .......... 27% 26.2M 1s
1900K .......... .......... .......... .......... .......... 28% 3.50M 1s
1950K .......... .......... .......... .......... .......... 29% 10.4M 1s
2000K .......... .......... .......... .......... .......... 29% 26.3M 1s
2050K .......... .......... .......... .......... .......... 30% 28.5M 1s
2100K .......... .......... .......... .......... .......... 31% 43.6M 1s
2150K .......... .......... .......... .......... .......... 31% 3.11M 1s
2200K .......... .......... .......... .......... .......... 32% 11.6M 1s
2250K .......... .......... .......... .......... .......... 33% 20.5M 1s
2300K .......... .......... .......... .......... .......... 34% 22.6M 1s
2350K .......... .......... .......... .......... .......... 34% 22.1M 1s
2400K .......... .......... .......... .......... .......... 35% 4.25M 1s
2450K .......... .......... .......... .......... .......... 36% 7.09M 1s
2500K .......... .......... .......... .......... .......... 37% 26.8M 1s
2550K .......... .......... .......... .......... .......... 37% 21.0M 1s
2600K .......... .......... .......... .......... .......... 38% 19.0M 1s
2650K .......... .......... .......... .......... .......... 39% 29.1M 1s
2700K .......... .......... .......... .......... .......... 39% 3.00M 1s
2750K .......... .......... .......... .......... .......... 40% 16.4M 1s
2800K .......... .......... .......... .......... .......... 41% 21.8M 0s
2850K .......... .......... .......... .......... .......... 42% 25.9M 0s
2900K .......... .......... .......... .......... .......... 42% 28.4M 0s
2950K .......... .......... .......... .......... .......... 43% 3.06M 0s
3000K .......... .......... .......... .......... .......... 44% 15.9M 0s
3050K .......... .......... .......... .......... .......... 45% 27.0M 0s
3100K .......... .......... .......... .......... .......... 45% 19.4M 0s
3150K .......... .......... .......... .......... .......... 46% 29.9M 0s
3200K .......... .......... .......... .......... .......... 47% 3.09M 0s
3250K .......... .......... .......... .......... .......... 47% 16.3M 0s
3300K .......... .......... .......... .......... .......... 48% 21.1M 0s
3350K .......... .......... .......... .......... .......... 49% 27.0M 0s
3400K .......... .......... .......... .......... .......... 50% 31.7M 0s
3450K .......... .......... .......... .......... .......... 50% 3.15M 0s
3500K .......... .......... .......... .......... .......... 51% 12.7M 0s
3550K .......... .......... .......... .......... .......... 52% 21.7M 0s
3600K .......... .......... .......... .......... .......... 53% 24.5M 0s
3650K .......... .......... .......... .......... .......... 53% 6.69M 0s
3700K .......... .......... .......... .......... .......... 54% 4.78M 0s
3750K .......... .......... .......... .......... .......... 55% 20.7M 0s
3800K .......... .......... .......... .......... .......... 55% 14.5M 0s
3850K .......... .......... .......... .......... .......... 56% 41.7M 0s
3900K .......... .......... .......... .......... .......... 57% 4.63M 0s
3950K .......... .......... .......... .......... .......... 58% 7.62M 0s
4000K .......... .......... .......... .......... .......... 58% 14.5M 0s
4050K .......... .......... .......... .......... .......... 59% 15.6M 0s
4100K .......... .......... .......... .......... .......... 60% 30.0M 0s
4150K .......... .......... .......... .......... .......... 61% 4.69M 0s
4200K .......... .......... .......... .......... .......... 61% 7.88M 0s
4250K .......... .......... .......... .......... .......... 62% 14.6M 0s
4300K .......... .......... .......... .......... .......... 63% 15.4M 0s
4350K .......... .......... .......... .......... .......... 63% 40.4M 0s
4400K .......... .......... .......... .......... .......... 64% 4.75M 0s
4450K .......... .......... .......... .......... .......... 65% 14.2M 0s
4500K .......... .......... .......... .......... .......... 66% 7.45M 0s
4550K .......... .......... .......... .......... .......... 66% 20.5M 0s
4600K .......... .......... .......... .......... .......... 67% 21.1M 0s
4650K .......... .......... .......... .......... .......... 68% 5.46M 0s
4700K .......... .......... .......... .......... .......... 69% 10.6M 0s
4750K .......... .......... .......... .......... .......... 69% 7.13M 0s
4800K .......... .......... .......... .......... .......... 70% 21.0M 0s
4850K .......... .......... .......... .......... .......... 71% 21.4M 0s
4900K .......... .......... .......... .......... .......... 71% 6.41M 0s
4950K .......... .......... .......... .......... .......... 72% 8.20M 0s
5000K .......... .......... .......... .......... .......... 73% 7.54M 0s
5050K .......... .......... .......... .......... .......... 74% 23.2M 0s
5100K .......... .......... .......... .......... .......... 74% 23.1M 0s
5150K .......... .......... .......... .......... .......... 75% 6.26M 0s
5200K .......... .......... .......... .......... .......... 76% 6.44M 0s
5250K .......... .......... .......... .......... .......... 77% 9.68M 0s
5300K .......... .......... .......... .......... .......... 77% 19.5M 0s
5350K .......... .......... .......... .......... .......... 78% 22.5M 0s
5400K .......... .......... .......... .......... .......... 79% 6.45M 0s
5450K .......... .......... .......... .......... .......... 79% 6.70M 0s
5500K .......... .......... .......... .......... .......... 80% 9.17M 0s
5550K .......... .......... .......... .......... .......... 81% 18.4M 0s
5600K .......... .......... .......... .......... .......... 82% 6.47M 0s
5650K .......... .......... .......... .......... .......... 82% 12.7M 0s
5700K .......... .......... .......... .......... .......... 83% 8.86M 0s
5750K .......... .......... .......... .......... .......... 84% 10.7M 0s
5800K .......... .......... .......... .......... .......... 85% 15.4M 0s
5850K .......... .......... .......... .......... .......... 85% 6.21M 0s
5900K .......... .......... .......... .......... .......... 86% 14.8M 0s
5950K .......... .......... .......... .......... .......... 87% 8.23M 0s
6000K .......... .......... .......... .......... .......... 87% 14.0M 0s
6050K .......... .......... .......... .......... .......... 88% 11.2M 0s
6100K .......... .......... .......... .......... .......... 89% 5.94M 0s
6150K .......... .......... .......... .......... .......... 90% 16.8M 0s
6200K .......... .......... .......... .......... .......... 90% 8.98M 0s
6250K .......... .......... .......... .......... .......... 91% 11.1M 0s
6300K .......... .......... .......... .......... .......... 92% 5.75M 0s
6350K .......... .......... .......... .......... .......... 93% 17.9M 0s
6400K .......... .......... .......... .......... .......... 93% 13.4M 0s
6450K .......... .......... .......... .......... .......... 94% 8.67M 0s
6500K .......... .......... .......... .......... .......... 95% 11.0M 0s
6550K .......... .......... .......... .......... .......... 95% 5.73M 0s
6600K .......... .......... .......... .......... .......... 96% 16.1M 0s
6650K .......... .......... .......... .......... .......... 97% 15.0M 0s
6700K .......... .......... .......... .......... .......... 98% 8.99M 0s
6750K .......... .......... .......... .......... .......... 98% 9.29M 0s
6800K .......... .......... .......... .......... .......... 99% 6.04M 0s
6850K .......... .......... .......... 100% 22.5M=0.8s
2025-10-06 13:16:43 (8.90 MB/s) - 'D:\\temp\\2025_10_06_01_50_00_7952\\RtmpAPqSgv\\file31fe879a25872' saved [7046072/7046072]
[ FAIL 1 | WARN 0 | SKIP 0 | PASS 11 ]
══ Failed tests ════════════════════════════════════════════════════════════════
── Error ('test-Table1.R:12:3'): making Table1 in SCI papers works ─────────────
Error in `render.strat(x, ..., transpose = transpose)`: argument "n" is missing, with no default
Backtrace:
▆
1. └─lulab.utils::Table1(...) at test-Table1.R:12:3
2. ├─table1::table1(...)
3. └─table1:::table1.formula(...)
4. └─table1:::table1.default(...)
5. └─table1:::.table1.internal(...)
6. └─lulab.utils (local) render.strat(x, ..., transpose = transpose)
7. └─base::ifelse(...)
[ FAIL 1 | WARN 0 | SKIP 0 | PASS 11 ]
Error: Test failures
Execution halted
Flavor: r-oldrel-windows-x86_64