CRAN Package Check Results for Package ludic

Last updated on 2021-10-25 09:55:25 CEST.

Flavor Version Tinstall Tcheck Ttotal Status Flags
r-devel-linux-x86_64-debian-clang 0.2.0 91.08 120.67 211.75 OK
r-devel-linux-x86_64-debian-gcc 0.2.0 68.05 94.26 162.31 OK
r-devel-linux-x86_64-fedora-clang 0.2.0 304.70 NOTE
r-devel-linux-x86_64-fedora-gcc 0.2.0 278.12 OK
r-devel-windows-x86_64 0.2.0 122.00 156.00 278.00 OK
r-devel-windows-x86_64-gcc10-UCRT 0.2.0 OK
r-patched-linux-x86_64 0.2.0 78.25 117.26 195.51 OK
r-patched-solaris-x86 0.2.0 342.50 OK
r-release-linux-x86_64 0.2.0 87.08 119.01 206.09 OK
r-release-macos-arm64 0.2.0 NOTE
r-release-macos-x86_64 0.2.0 NOTE
r-release-windows-ix86+x86_64 0.2.0 171.00 387.00 558.00 OK
r-oldrel-macos-x86_64 0.2.0 NOTE
r-oldrel-windows-ix86+x86_64 0.2.0 237.00 198.00 435.00 OK

Check Details

Version: 0.2.0
Check: installed package size
Result: NOTE
     installed size is 5.6Mb
     sub-directories of 1Mb or more:
     data 2.1Mb
     libs 3.2Mb
Flavors: r-devel-linux-x86_64-fedora-clang, r-release-macos-arm64, r-release-macos-x86_64, r-oldrel-macos-x86_64