Last updated on 2024-03-28 10:49:38 CET.
Flavor | Version | Tinstall | Tcheck | Ttotal | Status | Flags |
---|---|---|---|---|---|---|
r-devel-linux-x86_64-debian-clang | 1.3.1 | 203.36 | 175.06 | 378.42 | OK | --no-vignettes |
r-devel-linux-x86_64-debian-gcc | 1.3.1 | 178.40 | 133.14 | 311.54 | OK | --no-vignettes |
r-devel-linux-x86_64-fedora-clang | 1.3.1 | 506.51 | OK | --no-vignettes | ||
r-devel-linux-x86_64-fedora-gcc | 1.3.1 | 559.60 | OK | --no-vignettes | ||
r-devel-windows-x86_64 | 1.3.1 | 161.00 | 201.00 | 362.00 | OK | --no-vignettes |
r-patched-linux-x86_64 | 1.3.1 | 221.15 | 172.22 | 393.37 | OK | --no-vignettes |
r-release-linux-x86_64 | 1.3.1 | 212.58 | 169.49 | 382.07 | OK | --no-vignettes |
r-release-macos-arm64 | 1.3.1 | 733.00 | NOTE | |||
r-release-macos-x86_64 | 1.3.1 | 1624.00 | NOTE | |||
r-release-windows-x86_64 | 1.3.1 | 206.00 | 209.00 | 415.00 | OK | --no-vignettes |
r-oldrel-macos-arm64 | 1.3.1 | 640.00 | NOTE | |||
r-oldrel-windows-x86_64 | 1.3.1 | 193.00 | 214.00 | 407.00 | OK | --no-vignettes |
Version: 1.3.1
Check: installed package size
Result: NOTE
installed size is 19.6Mb
sub-directories of 1Mb or more:
libs 18.0Mb
Flavors: r-release-macos-arm64, r-release-macos-x86_64, r-oldrel-macos-arm64