Last updated on 2024-04-23 10:54:07 CEST.
Flavor | Version | Tinstall | Tcheck | Ttotal | Status | Flags |
---|---|---|---|---|---|---|
r-devel-linux-x86_64-debian-clang | 0.3.0 | 3.39 | 53.58 | 56.97 | NOTE | |
r-devel-linux-x86_64-debian-gcc | 0.3.0 | 2.77 | 38.64 | 41.41 | NOTE | |
r-devel-linux-x86_64-fedora-clang | 0.3.0 | 70.96 | NOTE | |||
r-devel-linux-x86_64-fedora-gcc | 0.3.0 | 79.41 | NOTE | |||
r-prerel-macos-arm64 | 0.3.0 | 27.00 | NOTE | |||
r-prerel-windows-x86_64 | 0.3.0 | 3.00 | 60.00 | 63.00 | NOTE | |
r-patched-linux-x86_64 | 0.3.0 | 4.28 | 50.80 | 55.08 | NOTE | |
r-release-linux-x86_64 | 0.3.0 | 4.00 | 49.33 | 53.33 | NOTE | |
r-release-macos-arm64 | 0.3.0 | 29.00 | NOTE | |||
r-release-macos-x86_64 | 0.3.0 | 47.00 | NOTE | |||
r-release-windows-x86_64 | 0.3.0 | 4.00 | 64.00 | 68.00 | NOTE | |
r-oldrel-macos-arm64 | 0.3.0 | 27.00 | NOTE | |||
r-oldrel-windows-x86_64 | 0.3.0 | 6.00 | 69.00 | 75.00 | NOTE |
Version: 0.3.0
Check: LazyData
Result: NOTE
'LazyData' is specified without a 'data' directory
Flavors: r-devel-linux-x86_64-debian-clang, r-devel-linux-x86_64-debian-gcc, r-devel-linux-x86_64-fedora-clang, r-devel-linux-x86_64-fedora-gcc, r-prerel-macos-arm64, r-prerel-windows-x86_64, r-patched-linux-x86_64, r-release-linux-x86_64, r-release-macos-arm64, r-release-macos-x86_64, r-release-windows-x86_64, r-oldrel-macos-arm64, r-oldrel-windows-x86_64