CRAN Package Check Results for Package locpolExpectile

Last updated on 2022-01-15 09:54:46 CET.

Flavor Version Tinstall Tcheck Ttotal Status Flags
r-devel-linux-x86_64-debian-clang 0.1.1 20.73 176.45 197.18 OK
r-devel-linux-x86_64-debian-gcc 0.1.1 16.89 132.35 149.24 OK
r-devel-linux-x86_64-fedora-clang 0.1.1 244.32 NOTE
r-devel-linux-x86_64-fedora-gcc 0.1.1 222.90 NOTE
r-devel-windows-x86_64-new-UL 0.1.1 117.00 218.00 335.00 OK
r-devel-windows-x86_64-new-TK 0.1.1 NOTE
r-patched-linux-x86_64 0.1.1 18.67 168.19 186.86 OK
r-release-linux-x86_64 0.1.1 17.17 167.92 185.09 OK
r-release-macos-arm64 0.1.1 NOTE
r-release-macos-x86_64 0.1.1 NOTE
r-release-windows-ix86+x86_64 0.1.1 57.00 243.00 300.00 OK
r-oldrel-macos-x86_64 0.1.1 NOTE
r-oldrel-windows-ix86+x86_64 0.1.1 57.00 246.00 303.00 OK

Check Details

Version: 0.1.1
Check: dependencies in R code
Result: NOTE
    Namespace in Imports field not imported from: ‘lestat’
     All declared Imports should be used.
Flavors: r-devel-linux-x86_64-fedora-clang, r-devel-linux-x86_64-fedora-gcc, r-devel-windows-x86_64-new-TK, r-release-macos-arm64, r-release-macos-x86_64, r-oldrel-macos-x86_64