Last updated on 2024-04-23 10:54:07 CEST.
Flavor | Version | Tinstall | Tcheck | Ttotal | Status | Flags |
---|---|---|---|---|---|---|
r-devel-linux-x86_64-debian-clang | 0.1.1 | 13.87 | 129.45 | 143.32 | OK | |
r-devel-linux-x86_64-debian-gcc | 0.1.1 | 12.62 | 92.45 | 105.07 | OK | |
r-devel-linux-x86_64-fedora-clang | 0.1.1 | 172.95 | NOTE | |||
r-devel-linux-x86_64-fedora-gcc | 0.1.1 | 166.45 | NOTE | |||
r-prerel-macos-arm64 | 0.1.1 | 51.00 | OK | |||
r-prerel-windows-x86_64 | 0.1.1 | 13.00 | 103.00 | 116.00 | OK | |
r-patched-linux-x86_64 | 0.1.1 | 15.11 | 118.77 | 133.88 | OK | |
r-release-linux-x86_64 | 0.1.1 | 14.84 | 124.92 | 139.76 | OK | |
r-release-macos-arm64 | 0.1.1 | 66.00 | OK | |||
r-release-macos-x86_64 | 0.1.1 | 110.00 | OK | |||
r-release-windows-x86_64 | 0.1.1 | 18.00 | 123.00 | 141.00 | OK | |
r-oldrel-macos-arm64 | 0.1.1 | 65.00 | NOTE | |||
r-oldrel-windows-x86_64 | 0.1.1 | 18.00 | 128.00 | 146.00 | OK |
Version: 0.1.1
Check: dependencies in R code
Result: NOTE
Namespace in Imports field not imported from: ‘lestat’
All declared Imports should be used.
Flavors: r-devel-linux-x86_64-fedora-clang, r-devel-linux-x86_64-fedora-gcc, r-oldrel-macos-arm64